{"id":17666,"date":"2018-12-04T11:53:25","date_gmt":"2018-12-04T11:53:25","guid":{"rendered":"https:\/\/www.thestorefront.com\/mag\/go\/presse\/storefront-expands-its-unique-pop-up-store-marketplace-offering-to-key-ivanhoe-cambridge-shopping-centres-in-canada\/"},"modified":"2026-01-29T23:59:45","modified_gmt":"2026-01-29T23:59:45","slug":"storefront-sassocie-a-ivanhoe-cambridge-pour-etendre-son-offre-dans-les-plus-grands-centres-commerciaux-du-canada","status":"publish","type":"page","link":"https:\/\/www.thestorefront.com\/fr\/go\/presse\/storefront-sassocie-a-ivanhoe-cambridge-pour-etendre-son-offre-dans-les-plus-grands-centres-commerciaux-du-canada\/","title":{"rendered":"Space to Pop s\u2019associe \u00e0 Ivanho\u00e9 Cambridge pour \u00e9tendre son offre dans les plus grands centres commerciaux du Canada"},"content":{"rendered":"\n<div class=\"wp-block-qubely-row alignfull qubely-section qubely-block-9e38d7\"><div class=\"qubely-row-overlay\"><\/div><div class=\"qubely-container\"><div class=\"qubely-row \">\n<div class=\"wp-block-qubely-column qubely-column qubely-column-front qubely-block-1f8077\"><div class=\"qubely-column-inner\">\n<div class=\"wp-block-qubely-text qubely-block-f4a86f\"><div class=\"qubely-block-text  \"><div class=\"qubely-block-text-title-container  qubely-separator-position-top\"><div class=\"qubely-block-text-title-inner\"><h1 class=\"qubely-block-text-title\">Space to Pop Pressroom<\/h1><\/div><div class=\"qubely-block-text-sub-title-container\"><h3 class=\"qubely-block-text-sub-title\"><\/h3><\/div><\/div><p><\/p><\/div><\/div>\n\n\n\n<div style=\"height:40px\" aria-hidden=\"true\" class=\"wp-block-spacer\"><\/div>\n<\/div><\/div>\n<\/div><\/div><\/div>\n\n\n\n<div class=\"wp-block-qubely-row qubely-section qubely-block-6605cf\"><div class=\"qubely-row-overlay\"><\/div><div class=\"qubely-container\"><div class=\"qubely-row \">\n<div class=\"wp-block-qubely-column qubely-column qubely-column-front qubely-block-d47772\"><div class=\"qubely-column-inner\">\n<div class=\"wp-block-qubely-buttongroup qubely-block-eb0ea2\"><div class=\"qubely-block-button-group \">\n<div class=\"wp-block-qubely-button qubely-block-381fb5 qubely-group-button\"><div class=\"qubely-block-btn-wrapper \"><div class=\"qubely-block-btn\"><a class=\"qubely-block-btn-anchor is-large\" href=\"https:\/\/www.thestorefront.com\/go\/press-coverage\/\"><strong>Press Coverage<\/strong><\/a><\/div><\/div><\/div>\n\n\n\n<div class=\"wp-block-qubely-button qubely-block-9e5a82 qubely-group-button\"><div class=\"qubely-block-btn-wrapper \"><div class=\"qubely-block-btn\"><a class=\"qubely-block-btn-anchor is-large\" href=\"https:\/\/www.thestorefront.com\/go\/press-releases\/\"><strong>Press Releases<\/strong><\/a><\/div><\/div><\/div>\n\n\n\n<div class=\"wp-block-qubely-button qubely-block-4bffa1\"><div class=\"qubely-block-btn-wrapper \"><div class=\"qubely-block-btn\"><a class=\"qubely-block-btn-anchor is-large\" href=\"https:\/\/www.thestorefront.com\/go\/press-kit\/\"><strong>Press Kit<\/strong><\/a><\/div><\/div><\/div>\n<\/div><\/div>\n<\/div><\/div>\n<\/div><\/div><\/div>\n\n\n\n<div class=\"wp-block-qubely-row qubely-section qubely-block-70aecf\"><div class=\"qubely-row-overlay\"><\/div><div class=\"qubely-container\"><div class=\"qubely-row \">\n<div class=\"wp-block-qubely-column qubely-column qubely-column-front qubely-block-5967ee\"><div class=\"qubely-column-inner\">\n<div class=\"wp-block-qubely-wrapper qubely-block-b392a5\"><div class=\"qubely-block-wrapper-block \">\n<div class=\"wp-block-qubely-row qubely-section qubely-block-0f4f52\"><div class=\"qubely-row-overlay\"><\/div><div class=\"qubely-container-fluid\"><div class=\"qubely-row \">\n<div class=\"wp-block-qubely-column qubely-column qubely-column-front qubely-block-327e28\"><div class=\"qubely-column-inner\">\n<div class=\"wp-block-qubely-heading qubely-block-a2dc6f\"><div class=\"qubely-block-heading  \"><div class=\"qubely-heading-container\"><h2 class=\"qubely-heading-selector\">Press Release<br><\/h2><\/div><\/div><\/div>\n<\/div><\/div>\n\n\n\n<div class=\"wp-block-qubely-column qubely-column qubely-column-front qubely-block-ec421f\"><div class=\"qubely-column-inner\">\n<div class=\"wp-block-qubely-heading qubely-block-095aa7\"><div class=\"qubely-block-heading  \"><div class=\"qubely-heading-container\"><h3 class=\"qubely-heading-selector\">Mardi 4 d\u00e9cembre 2018<\/h3><\/div><\/div><\/div>\n<\/div><\/div>\n<\/div><\/div><\/div>\n\n\n\n<div style=\"height:70px\" aria-hidden=\"true\" class=\"wp-block-spacer\"><\/div>\n\n\n\n<h3 class=\"has-text-align-center wp-block-heading\" id=\"h-storefront-s-associe-ivanho-cambridge-pour-tendre-son-offre-dans-les-plus-grands-centres-commerciaux-du-canada\">Space to Pop s\u2019associe \u00e0 Ivanho\u00e9 Cambridge pour \u00e9tendre son offre dans les plus grands centres commerciaux du Canada<\/h3>\n\n\n\n<p>\u00abL\u2019industrie du retail est en pleine m\u00e9tamorphose et nous sommes heureux de collaborer avec Ivanho\u00e9 Cambridge pour d\u00e9velopper notre offre en Am\u00e9rique du Nord\u00bb, a d\u00e9clar\u00e9 Mohamed Haouache, CEO de Space to Pop. \u00ab Ce partenariat strat\u00e9gique offre \u00e0 notre marketplace une occasion unique d\u2019attirer de nouvelles marques dans les espaces mis \u00e0 disposition par Ivanho\u00e9 Cambridge.\u00bb<br>\u00abNous sommes ravis de nous allier \u00e0 Space to Pop pour offrir de nouvelles opportunit\u00e9s \u00e0 nos centres commerciaux et des exp\u00e9riences inoubliables \u00e0 nos clients \u00bb, a d\u00e9clar\u00e9 Claude Sirois, Pr\u00e9sident et Directeur Commercial d&rsquo;Ivanho\u00e9 Cambridge. \u00abIl est logique et judicieux de proposer aux clients de Space to Pop, marques et jeunes cr\u00e9ateurs du monde entier, les espaces haut de gamme et \u00e0 fort trafic que nous poss\u00e9dons.\u00bb<\/p>\n\n\n\n<p>Ce partenariat donne aux marques \u00e9mergentes et \u00e9tablies l\u2019acc\u00e8s \u00e0 des espaces retail dans 7 des centres commerciaux les plus en vogue d\u2019Ivanho\u00e9 Cambridge. Parmi cette liste :<\/p>\n\n\n\n<ul class=\"wp-block-list\"><li>Bayshore Shopping Centre \u00e0 Ottawa, Ontario<\/li><li>Guildford Town Centre \u00e0 Surrey, Colombie-Britannique<\/li><li>Mapleview Shopping Centre \u00e0 Burlington, Ontario<\/li><li>Mayfair Shopping Centre \u00e0 Victoria, Colombie-Britannique<\/li><li>Place Ste-Foy \u00e0 Qu\u00e9bec City, Qu\u00e9bec<\/li><li>Oshawa Centre \u00e0 Oshawa, Ontario<\/li><li>Southgate Centre \u00e0 Edmonton, Alberta<\/li><\/ul>\n\n\n\n<p>Chaque centre commercial offre diff\u00e9rentes tailles et tous types d\u2019agencements d\u2019espaces, allant des espaces en propre ou \u00e0 partager. Chaque espace est adapt\u00e9 aux lancements de nouveaux produits, aux \u00e9v\u00e9nements sp\u00e9ciaux ou aux promotions, ainsi qu&rsquo;\u00e0 des activations exp\u00e9rientielles et innovantes qui rendent les marques plus visibles. Les espaces peuvent \u00eatre r\u00e9serv\u00e9s pour une journ\u00e9e ou pour quelques mois. Via la r\u00e9servation sur la marketplace, Space to Pop aide les locataires \u00e0 optimiser le potentiel commercial de l\u2019espace avant, pendant et apr\u00e8s l\u2019occupation.<br>Space to Pop red\u00e9finit la mani\u00e8re dont les marques louent et occupent un espace gr\u00e2ce \u00e0 sa marketplace mondiale qui connecte les locataires et les propri\u00e9taires de mani\u00e8re rapide, flexible et transparente. Les marques et cr\u00e9ateurs de toutes tailles ont adopt\u00e9 le format du pop-up store pour aller plus loin dans les relations avec leurs clients. Un concept qui repr\u00e9sente un march\u00e9 de 50 milliards de dollars et qui permet aux marques d\u2019innover, de rencontrer leurs clients et d\u2019accro\u00eetre leurs ventes.<\/p>\n\n\n\n<p><strong>A propos de Space to Pop<\/strong><\/p>\n\n\n\n<p>Space to Pop est le leader mondial sur le march\u00e9 de la location \u00e9ph\u00e9m\u00e8re d\u2019espaces commerciaux. La plateforme met en relation des propri\u00e9taires avec des marques, e-commer\u00e7ants et cr\u00e9ateurs pour des locations de courte dur\u00e9e. Space to Pop d\u00e9mocratise ainsi l\u2019acc\u00e8s \u00e0 l\u2019immobilier commercial et rend possible l\u2019organisation d\u2019\u00e9v\u00e9nements et la cr\u00e9ation de pop-up stores dans le monde entier.<\/p>\n\n\n\n<p>Depuis son lancement en 2014, Space to Pop a accompagn\u00e9 plus de 100 000 marques \u00e0 travers les plus grandes villes du monde, de Paris \u00e0 New York en passant par Milan, Londres et Hong Kong. La plateforme poss\u00e8de aujourd\u2019hui le plus grand r\u00e9seau d\u2019espaces commerciaux disponibles \u00e0 la location \u00e9ph\u00e9m\u00e8re avec plus de 10 000 r\u00e9f\u00e9rences.<\/p>\n<\/div><\/div>\n<\/div><\/div>\n<\/div><\/div><\/div>\n","protected":false},"excerpt":{"rendered":"","protected":false},"author":37,"featured_media":0,"parent":11665,"menu_order":0,"comment_status":"closed","ping_status":"closed","template":"","meta":{"qubely_global_settings":"","qubely_interactions":"","content-type":"","inline_featured_image":false,"site-sidebar-layout":"default","site-content-layout":"","ast-site-content-layout":"default","site-content-style":"default","site-sidebar-style":"default","ast-global-header-display":"","ast-banner-title-visibility":"","ast-main-header-display":"","ast-hfb-above-header-display":"","ast-hfb-below-header-display":"","ast-hfb-mobile-header-display":"","site-post-title":"","ast-breadcrumbs-content":"","ast-featured-img":"","footer-sml-layout":"","theme-transparent-header-meta":"","adv-header-id-meta":"","stick-header-meta":"","header-above-stick-meta":"","header-main-stick-meta":"","header-below-stick-meta":"","astra-migrate-meta-layouts":"set","ast-page-background-enabled":"default","ast-page-background-meta":{"desktop":{"background-color":"","background-image":"","background-repeat":"repeat","background-position":"center center","background-size":"auto","background-attachment":"scroll","background-type":"","background-media":"","overlay-type":"","overlay-color":"","overlay-opacity":"","overlay-gradient":""},"tablet":{"background-color":"","background-image":"","background-repeat":"repeat","background-position":"center center","background-size":"auto","background-attachment":"scroll","background-type":"","background-media":"","overlay-type":"","overlay-color":"","overlay-opacity":"","overlay-gradient":""},"mobile":{"background-color":"","background-image":"","background-repeat":"repeat","background-position":"center center","background-size":"auto","background-attachment":"scroll","background-type":"","background-media":"","overlay-type":"","overlay-color":"","overlay-opacity":"","overlay-gradient":""}},"ast-content-background-meta":{"desktop":{"background-color":"var(--ast-global-color-5)","background-image":"","background-repeat":"repeat","background-position":"center center","background-size":"auto","background-attachment":"scroll","background-type":"","background-media":"","overlay-type":"","overlay-color":"","overlay-opacity":"","overlay-gradient":""},"tablet":{"background-color":"var(--ast-global-color-5)","background-image":"","background-repeat":"repeat","background-position":"center center","background-size":"auto","background-attachment":"scroll","background-type":"","background-media":"","overlay-type":"","overlay-color":"","overlay-opacity":"","overlay-gradient":""},"mobile":{"background-color":"var(--ast-global-color-5)","background-image":"","background-repeat":"repeat","background-position":"center center","background-size":"auto","background-attachment":"scroll","background-type":"","background-media":"","overlay-type":"","overlay-color":"","overlay-opacity":"","overlay-gradient":""}},"footnotes":""},"class_list":["post-17666","page","type-page","status-publish","hentry"],"_links":{"self":[{"href":"https:\/\/www.thestorefront.com\/fr\/mag\/wp-json\/wp\/v2\/pages\/17666","targetHints":{"allow":["GET"]}}],"collection":[{"href":"https:\/\/www.thestorefront.com\/fr\/mag\/wp-json\/wp\/v2\/pages"}],"about":[{"href":"https:\/\/www.thestorefront.com\/fr\/mag\/wp-json\/wp\/v2\/types\/page"}],"author":[{"embeddable":true,"href":"https:\/\/www.thestorefront.com\/fr\/mag\/wp-json\/wp\/v2\/users\/37"}],"replies":[{"embeddable":true,"href":"https:\/\/www.thestorefront.com\/fr\/mag\/wp-json\/wp\/v2\/comments?post=17666"}],"version-history":[{"count":0,"href":"https:\/\/www.thestorefront.com\/fr\/mag\/wp-json\/wp\/v2\/pages\/17666\/revisions"}],"up":[{"embeddable":true,"href":"https:\/\/www.thestorefront.com\/fr\/mag\/wp-json\/wp\/v2\/pages\/11665"}],"wp:attachment":[{"href":"https:\/\/www.thestorefront.com\/fr\/mag\/wp-json\/wp\/v2\/media?parent=17666"}],"curies":[{"name":"wp","href":"https:\/\/api.w.org\/{rel}","templated":true}]}}

Space to Pop s’associe à Ivanhoé Cambridge pour étendre son offre dans les plus grands centres commerciaux du Canada

<div class="wp-block-qubely-row alignfull qubely-section qubely-block-9e38d7"><div class="qubely-row-overlay"></div><div class="qubely-container"><div class="qubely-row ">
<div class="wp-block-qubely-column qubely-column qubely-column-front qubely-block-1f8077"><div class="qubely-column-inner">
<div class="wp-block-qubely-text qubely-block-f4a86f"><div class="qubely-block-text  "><div class="qubely-block-text-title-container  qubely-separator-position-top"><div class="qubely-block-text-title-inner"><h1 class="qubely-block-text-title">Space to Pop Pressroom</h1></div><div class="qubely-block-text-sub-title-container"><h3 class="qubely-block-text-sub-title"></h3></div></div><p></p></div></div>



<div style="height:40px" aria-hidden="true" class="wp-block-spacer"></div>
</div></div>
</div></div></div>



<div class="wp-block-qubely-row qubely-section qubely-block-6605cf"><div class="qubely-row-overlay"></div><div class="qubely-container"><div class="qubely-row ">
<div class="wp-block-qubely-column qubely-column qubely-column-front qubely-block-d47772"><div class="qubely-column-inner">
<div class="wp-block-qubely-buttongroup qubely-block-eb0ea2"><div class="qubely-block-button-group ">
<div class="wp-block-qubely-button qubely-block-381fb5 qubely-group-button"><div class="qubely-block-btn-wrapper "><div class="qubely-block-btn"><a class="qubely-block-btn-anchor is-large" href="https://www.thestorefront.com/go/press-coverage/"><strong>Press Coverage</strong></a></div></div></div>



<div class="wp-block-qubely-button qubely-block-9e5a82 qubely-group-button"><div class="qubely-block-btn-wrapper "><div class="qubely-block-btn"><a class="qubely-block-btn-anchor is-large" href="https://www.thestorefront.com/go/press-releases/"><strong>Press Releases</strong></a></div></div></div>



<div class="wp-block-qubely-button qubely-block-4bffa1"><div class="qubely-block-btn-wrapper "><div class="qubely-block-btn"><a class="qubely-block-btn-anchor is-large" href="https://www.thestorefront.com/go/press-kit/"><strong>Press Kit</strong></a></div></div></div>
</div></div>
</div></div>
</div></div></div>



<div class="wp-block-qubely-row qubely-section qubely-block-70aecf"><div class="qubely-row-overlay"></div><div class="qubely-container"><div class="qubely-row ">
<div class="wp-block-qubely-column qubely-column qubely-column-front qubely-block-5967ee"><div class="qubely-column-inner">
<div class="wp-block-qubely-wrapper qubely-block-b392a5"><div class="qubely-block-wrapper-block ">
<div class="wp-block-qubely-row qubely-section qubely-block-0f4f52"><div class="qubely-row-overlay"></div><div class="qubely-container-fluid"><div class="qubely-row ">
<div class="wp-block-qubely-column qubely-column qubely-column-front qubely-block-327e28"><div class="qubely-column-inner">
<div class="wp-block-qubely-heading qubely-block-a2dc6f"><div class="qubely-block-heading  "><div class="qubely-heading-container"><h2 class="qubely-heading-selector">Press Release<br></h2></div></div></div>
</div></div>



<div class="wp-block-qubely-column qubely-column qubely-column-front qubely-block-ec421f"><div class="qubely-column-inner">
<div class="wp-block-qubely-heading qubely-block-095aa7"><div class="qubely-block-heading  "><div class="qubely-heading-container"><h3 class="qubely-heading-selector">Mardi 4 décembre 2018</h3></div></div></div>
</div></div>
</div></div></div>



<div style="height:70px" aria-hidden="true" class="wp-block-spacer"></div>



<h3 class="has-text-align-center wp-block-heading" id="h-storefront-s-associe-ivanho-cambridge-pour-tendre-son-offre-dans-les-plus-grands-centres-commerciaux-du-canada">Space to Pop s’associe à Ivanhoé Cambridge pour étendre son offre dans les plus grands centres commerciaux du Canada</h3>



<p>«L’industrie du retail est en pleine métamorphose et nous sommes heureux de collaborer avec Ivanhoé Cambridge pour développer notre offre en Amérique du Nord», a déclaré Mohamed Haouache, CEO de Space to Pop. « Ce partenariat stratégique offre à notre marketplace une occasion unique d’attirer de nouvelles marques dans les espaces mis à disposition par Ivanhoé Cambridge.»<br>«Nous sommes ravis de nous allier à Space to Pop pour offrir de nouvelles opportunités à nos centres commerciaux et des expériences inoubliables à nos clients », a déclaré Claude Sirois, Président et Directeur Commercial d&rsquo;Ivanhoé Cambridge. «Il est logique et judicieux de proposer aux clients de Space to Pop, marques et jeunes créateurs du monde entier, les espaces haut de gamme et à fort trafic que nous possédons.»</p>



<p>Ce partenariat donne aux marques émergentes et établies l’accès à des espaces retail dans 7 des centres commerciaux les plus en vogue d’Ivanhoé Cambridge. Parmi cette liste :</p>



<ul class="wp-block-list"><li>Bayshore Shopping Centre à Ottawa, Ontario</li><li>Guildford Town Centre à Surrey, Colombie-Britannique</li><li>Mapleview Shopping Centre à Burlington, Ontario</li><li>Mayfair Shopping Centre à Victoria, Colombie-Britannique</li><li>Place Ste-Foy à Québec City, Québec</li><li>Oshawa Centre à Oshawa, Ontario</li><li>Southgate Centre à Edmonton, Alberta</li></ul>



<p>Chaque centre commercial offre différentes tailles et tous types d’agencements d’espaces, allant des espaces en propre ou à partager. Chaque espace est adapté aux lancements de nouveaux produits, aux événements spéciaux ou aux promotions, ainsi qu&rsquo;à des activations expérientielles et innovantes qui rendent les marques plus visibles. Les espaces peuvent être réservés pour une journée ou pour quelques mois. Via la réservation sur la marketplace, Space to Pop aide les locataires à optimiser le potentiel commercial de l’espace avant, pendant et après l’occupation.<br>Space to Pop redéfinit la manière dont les marques louent et occupent un espace grâce à sa marketplace mondiale qui connecte les locataires et les propriétaires de manière rapide, flexible et transparente. Les marques et créateurs de toutes tailles ont adopté le format du pop-up store pour aller plus loin dans les relations avec leurs clients. Un concept qui représente un marché de 50 milliards de dollars et qui permet aux marques d’innover, de rencontrer leurs clients et d’accroître leurs ventes.</p>



<p><strong>A propos de Space to Pop</strong></p>



<p>Space to Pop est le leader mondial sur le marché de la location éphémère d’espaces commerciaux. La plateforme met en relation des propriétaires avec des marques, e-commerçants et créateurs pour des locations de courte durée. Space to Pop démocratise ainsi l’accès à l’immobilier commercial et rend possible l’organisation d’événements et la création de pop-up stores dans le monde entier.</p>



<p>Depuis son lancement en 2014, Space to Pop a accompagné plus de 100 000 marques à travers les plus grandes villes du monde, de Paris à New York en passant par Milan, Londres et Hong Kong. La plateforme possède aujourd’hui le plus grand réseau d’espaces commerciaux disponibles à la location éphémère avec plus de 10 000 références.</p>
</div></div>
</div></div>
</div></div></div>
