{"id":17668,"date":"2018-12-06T12:12:40","date_gmt":"2018-12-06T12:12:40","guid":{"rendered":"https:\/\/www.thestorefront.com\/mag\/go\/presse\/storefront-named-winner-of-prestigious-real-estate-tech-award\/"},"modified":"2026-01-29T23:55:27","modified_gmt":"2026-01-29T23:55:27","slug":"storefront-grand-vainqueur-du-real-estate-tech-award","status":"publish","type":"page","link":"https:\/\/www.thestorefront.com\/fr\/go\/presse\/storefront-grand-vainqueur-du-real-estate-tech-award\/","title":{"rendered":"Space to Pop grand vainqueur du Real Estate Tech Award"},"content":{"rendered":"\n<div class=\"wp-block-qubely-row alignfull qubely-section qubely-block-bf9564\"><div class=\"qubely-row-overlay\"><\/div><div class=\"qubely-container\"><div class=\"qubely-row \">\n<div class=\"wp-block-qubely-column qubely-column qubely-column-front qubely-block-2735bd\"><div class=\"qubely-column-inner\">\n<div class=\"wp-block-qubely-text qubely-block-6912df\"><div class=\"qubely-block-text  \"><div class=\"qubely-block-text-title-container  qubely-separator-position-top\"><div class=\"qubely-block-text-title-inner\"><h1 class=\"qubely-block-text-title\">Space to Pop Pressroom<\/h1><\/div><div class=\"qubely-block-text-sub-title-container\"><h3 class=\"qubely-block-text-sub-title\"><\/h3><\/div><\/div><p><\/p><\/div><\/div>\n\n\n\n<div style=\"height:40px\" aria-hidden=\"true\" class=\"wp-block-spacer\"><\/div>\n<\/div><\/div>\n<\/div><\/div><\/div>\n\n\n\n<div class=\"wp-block-qubely-row qubely-section qubely-block-6f48cd\"><div class=\"qubely-row-overlay\"><\/div><div class=\"qubely-container\"><div class=\"qubely-row \">\n<div class=\"wp-block-qubely-column qubely-column qubely-column-front qubely-block-b5ea7c\"><div class=\"qubely-column-inner\">\n<div class=\"wp-block-qubely-buttongroup qubely-block-722d70\"><div class=\"qubely-block-button-group \">\n<div class=\"wp-block-qubely-button qubely-block-381fb5 qubely-group-button\"><div class=\"qubely-block-btn-wrapper \"><div class=\"qubely-block-btn\"><a class=\"qubely-block-btn-anchor is-large\" href=\"https:\/\/www.thestorefront.com\/fr\/go\/press-coverage\/\"><strong>Press Coverage<\/strong><\/a><\/div><\/div><\/div>\n\n\n\n<div class=\"wp-block-qubely-button qubely-block-9e5a82 qubely-group-button\"><div class=\"qubely-block-btn-wrapper \"><div class=\"qubely-block-btn\"><a class=\"qubely-block-btn-anchor is-large\" href=\"https:\/\/www.thestorefront.com\/fr\/go\/presse\/\"><strong>Press Releases<\/strong><\/a><\/div><\/div><\/div>\n\n\n\n<div class=\"wp-block-qubely-button qubely-block-bcc45c\"><div class=\"qubely-block-btn-wrapper \"><div class=\"qubely-block-btn\"><a class=\"qubely-block-btn-anchor is-large\" href=\"https:\/\/www.thestorefront.com\/fr\/go\/ressources-presse\/\"><strong>Press Kit<\/strong><\/a><\/div><\/div><\/div>\n<\/div><\/div>\n<\/div><\/div>\n<\/div><\/div><\/div>\n\n\n\n<div class=\"wp-block-qubely-row qubely-section qubely-block-513ed2\"><div class=\"qubely-row-overlay\"><\/div><div class=\"qubely-container\"><div class=\"qubely-row \">\n<div class=\"wp-block-qubely-column qubely-column qubely-column-front qubely-block-16a6ef\"><div class=\"qubely-column-inner\">\n<div class=\"wp-block-qubely-wrapper qubely-block-54f948\"><div class=\"qubely-block-wrapper-block \">\n<div class=\"wp-block-qubely-row qubely-section qubely-block-b01206\"><div class=\"qubely-row-overlay\"><\/div><div class=\"qubely-container-fluid\"><div class=\"qubely-row \">\n<div class=\"wp-block-qubely-column qubely-column qubely-column-front qubely-block-b1dafb\"><div class=\"qubely-column-inner\">\n<div class=\"wp-block-qubely-heading qubely-block-af9db8\"><div class=\"qubely-block-heading  \"><div class=\"qubely-heading-container\"><h2 class=\"qubely-heading-selector\">Press Release<br><\/h2><\/div><\/div><\/div>\n<\/div><\/div>\n\n\n\n<div class=\"wp-block-qubely-column qubely-column qubely-column-front qubely-block-a444d7\"><div class=\"qubely-column-inner\">\n<div class=\"wp-block-qubely-heading qubely-block-f72623\"><div class=\"qubely-block-heading  \"><div class=\"qubely-heading-container\"><h3 class=\"qubely-heading-selector\">Jeudi 6 d\u00e9cembre 2018<\/h3><\/div><\/div><\/div>\n<\/div><\/div>\n<\/div><\/div><\/div>\n\n\n\n<div style=\"height:70px\" aria-hidden=\"true\" class=\"wp-block-spacer\"><\/div>\n\n\n\n<div class=\"wp-block-qubely-image qubely-block-670e66\"><div class=\"qubely-block-image  qubely-image-layout-simple\"><div class=\"qubely-image-media qubely-vertical-alignment-center qubely-horizontal-alignment-center\"><figure><div class=\"qubely-image-container\"><img decoding=\"async\" class=\"qubely-image-image\" src=\"https:\/\/www.thestorefront.com\/mag\/wp-content\/uploads\/2018\/12\/cret-tech.jpg\" alt=\"\"\/><\/div><\/figure><\/div><\/div><\/div>\n\n\n\n<h3 class=\"has-text-align-center wp-block-heading\" id=\"h-storefront-grand-vainqueur-du-real-estate-tech-award\">Space to Pop grand vainqueur du Real Estate Tech Award<\/h3>\n\n\n\n<h4 class=\"has-text-align-center wp-block-heading\" id=\"h-storefront-la-marketplace-qui-met-en-relation-des-propri-taires-avec-des-marques-e-commer-ants-et-cr-ateurs-du-monde-entier-pour-des-locations-de-courte-dur-e-sort-victorieuse-du-real-estate-tech-awards-new-york\"><em>Space to Pop, l<\/em>a marketplace qui met en relation des propri\u00e9taires avec des marques, e-commer\u00e7ants et cr\u00e9ateurs du monde entier pour des locations de courte dur\u00e9e, sort victorieuse du Real Estate Tech Awards \u00e0 New York.<\/h4>\n\n\n\n<p><a href=\"https:\/\/www.thestorefront.com\/fr\">Space to Pop<\/a>, leader mondial sur le march\u00e9 de la location \u00e9ph\u00e9m\u00e8re d\u2019espaces commerciaux, a gagn\u00e9 la premi\u00e8re place du Real Estate Tech Awards (#RETAS) dans la cat\u00e9gorie Co-Working\/Immobilier \u00c9ph\u00e9m\u00e8re organis\u00e9 par <a href=\"https:\/\/www.cretech.com\">CREtech<\/a> (<a href=\"https:\/\/cretech.com\" rel=\"nofollow\">cretech.com<\/a>), la plateforme r\u00e9f\u00e9rence sur le march\u00e9 de l\u2019immobilier et l\u2019industrie tech.<\/p>\n\n\n\n<p>Le #RETAS est le plus prestigieux des prix d\u00e9cern\u00e9s aux fondateurs de startups tech. Au cours des cinq derni\u00e8res ann\u00e9es, CREtech a fait appel au #RETAS pour r\u00e9compenser les entreprises les plus innovantes, celles qui ont jou\u00e9 un r\u00f4le essentiel dans le d\u00e9veloppement technologique de l\u2019industrie immobili\u00e8re tout au long de l\u2019ann\u00e9e.<\/p>\n\n\n\n<p>Le jury de #RETAS, compos\u00e9 des principaux VC, Business Angels et investisseurs dans le secteur de la technologie de l&rsquo;immobilier commercial, a \u00e9lu Space to Pop grand gagnant, devant pr\u00e8s de 1 000 professionnels \u00e0 la CREtech New York Venture Conference le 6 d\u00e9cembre 2018.<\/p>\n\n\n\n<p>\u00ab&nbsp;En tant que leader mondial sur le march\u00e9 de la location \u00e9ph\u00e9m\u00e8re, nous sommes honor\u00e9s d&rsquo;\u00eatre reconnus pour notre contribution \u00e0 fournir aux propri\u00e9taires un moyen efficace de maximiser leurs taux d&rsquo;occupation et leurs rendements\u00bb, a d\u00e9clar\u00e9 Mohamed Haouache, CEO de Space to Pop. \u00abLe retail ne se limite plus \u00e0 acheter des produits, mais \u00e0 offrir une exp\u00e9rience qui s\u00e9duira et engagera les consommateurs. Nous construisons l&rsquo;avenir du retail en le rendant plus attrayant, plus transparent et donc plus profitable. Notre ambition est de rendre le retail accessible \u00e0 tous, dans le monde entier.&nbsp;\u00bb<\/p>\n\n\n\n<p>Space to Pop red\u00e9finit la mani\u00e8re dont les entreprises s\u2019implantent physiquement et temporairement gr\u00e2ce \u00e0 sa marketplace internationale qui met en relation marques et propri\u00e9taires. Jeunes marques et marques \u00e9tablies ont toutes deux strat\u00e9giquement capitalis\u00e9 sur le format \u00e9ph\u00e9m\u00e8re pour intensifier leur communication avec leurs clients et cr\u00e9er une relation qui ne pourrait se faire en ligne. Le pop-up store permet aux entreprises d\u2019\u00eatre plus visibles et d\u2019interagir avec les consommateurs en leur offrant une exp\u00e9rience humaine qui suscite l\u2019engagement et augmente les ventes.<\/p>\n\n\n\n<div class=\"wp-block-qubely-image qubely-block-ca1ca1\"><div class=\"qubely-block-image  qubely-image-layout-simple\"><div class=\"qubely-image-media qubely-vertical-alignment-center qubely-horizontal-alignment-center\"><figure><div class=\"qubely-image-container\"><img decoding=\"async\" class=\"qubely-image-image\" src=\"https:\/\/www.thestorefront.com\/mag\/wp-content\/uploads\/2018\/12\/cretech-logo.png\" alt=\"\"\/><\/div><\/figure><\/div><\/div><\/div>\n\n\n\n<p><strong>\u00c0 propos de Space to Pop&nbsp;<\/strong><\/p>\n\n\n\n<p>Space to Pop est le leader mondial sur le march\u00e9 de la location \u00e9ph\u00e9m\u00e8re d\u2019espaces commerciaux. La plateforme met en relation des propri\u00e9taires avec des marques, e-commer\u00e7ants et cr\u00e9ateurs pour des locations de courte dur\u00e9e. Space to Pop d\u00e9mocratise ainsi l\u2019acc\u00e8s \u00e0 l\u2019immobilier commercial et rend possible l\u2019organisation d\u2019\u00e9v\u00e9nements et la cr\u00e9ation de pop-up stores dans le monde entier.<\/p>\n\n\n\n<p>Depuis son lancement en 2014, Space to Pop a accompagn\u00e9 plus de 100 000 marques \u00e0 travers les plus grandes villes du monde, de Paris \u00e0 New York en passant par Milan, Londres et Hong Kong. La plateforme poss\u00e8de aujourd\u2019hui le plus grand r\u00e9seau d\u2019espaces commerciaux disponibles \u00e0 la location \u00e9ph\u00e9m\u00e8re avec plus de 10 000 r\u00e9f\u00e9rences. Pour plus d\u2019informations sur Space to Pop : <a href=\"https:\/\/www.thestorefront.com\/fr\">www.thestorefront.com\/fr<\/a><\/p>\n\n\n\n<p><strong>\u00c0 propos de&nbsp; CREtech<\/strong><\/p>\n\n\n\n<p>La mission de CREtech est de relier les secteurs de l&rsquo;immobilier commercial et de la technologie, apportant une nouvelle \u00e8re d&rsquo;innovation, d&rsquo;investissement et de croissance \u00e0 l&rsquo;industrie. La plateforme pr\u00e9sente les \u00e9v\u00e9nements les plus importants, l\u2019actualit\u00e9 relative \u00e0 l\u2019industrie de l\u2019immobilier, le plus grand r\u00e9pertoire de startups tech. CREtech fournit \u00e9galement des services de conseil aux startups et aux promoteurs et courtiers immobiliers.<\/p>\n\n\n\n<p>Allison H\u00e9kimian<\/p>\n\n\n\n<p><a href=\"mailto:ah@thestorefront.com\">ah@thestorefront.com<\/a><\/p>\n\n\n\n<p>+33637286864<\/p>\n<\/div><\/div>\n<\/div><\/div>\n<\/div><\/div><\/div>\n","protected":false},"excerpt":{"rendered":"","protected":false},"author":37,"featured_media":0,"parent":11665,"menu_order":0,"comment_status":"closed","ping_status":"closed","template":"","meta":{"qubely_global_settings":"","qubely_interactions":"","content-type":"","inline_featured_image":false,"site-sidebar-layout":"default","site-content-layout":"","ast-site-content-layout":"","site-content-style":"default","site-sidebar-style":"default","ast-global-header-display":"","ast-banner-title-visibility":"","ast-main-header-display":"","ast-hfb-above-header-display":"","ast-hfb-below-header-display":"","ast-hfb-mobile-header-display":"","site-post-title":"","ast-breadcrumbs-content":"","ast-featured-img":"","footer-sml-layout":"","theme-transparent-header-meta":"","adv-header-id-meta":"","stick-header-meta":"","header-above-stick-meta":"","header-main-stick-meta":"","header-below-stick-meta":"","astra-migrate-meta-layouts":"set","ast-page-background-enabled":"default","ast-page-background-meta":{"desktop":{"background-color":"","background-image":"","background-repeat":"repeat","background-position":"center center","background-size":"auto","background-attachment":"scroll","background-type":"","background-media":"","overlay-type":"","overlay-color":"","overlay-opacity":"","overlay-gradient":""},"tablet":{"background-color":"","background-image":"","background-repeat":"repeat","background-position":"center center","background-size":"auto","background-attachment":"scroll","background-type":"","background-media":"","overlay-type":"","overlay-color":"","overlay-opacity":"","overlay-gradient":""},"mobile":{"background-color":"","background-image":"","background-repeat":"repeat","background-position":"center center","background-size":"auto","background-attachment":"scroll","background-type":"","background-media":"","overlay-type":"","overlay-color":"","overlay-opacity":"","overlay-gradient":""}},"ast-content-background-meta":{"desktop":{"background-color":"var(--ast-global-color-5)","background-image":"","background-repeat":"repeat","background-position":"center center","background-size":"auto","background-attachment":"scroll","background-type":"","background-media":"","overlay-type":"","overlay-color":"","overlay-opacity":"","overlay-gradient":""},"tablet":{"background-color":"var(--ast-global-color-5)","background-image":"","background-repeat":"repeat","background-position":"center center","background-size":"auto","background-attachment":"scroll","background-type":"","background-media":"","overlay-type":"","overlay-color":"","overlay-opacity":"","overlay-gradient":""},"mobile":{"background-color":"var(--ast-global-color-5)","background-image":"","background-repeat":"repeat","background-position":"center center","background-size":"auto","background-attachment":"scroll","background-type":"","background-media":"","overlay-type":"","overlay-color":"","overlay-opacity":"","overlay-gradient":""}},"footnotes":""},"class_list":["post-17668","page","type-page","status-publish","hentry"],"_links":{"self":[{"href":"https:\/\/www.thestorefront.com\/fr\/mag\/wp-json\/wp\/v2\/pages\/17668","targetHints":{"allow":["GET"]}}],"collection":[{"href":"https:\/\/www.thestorefront.com\/fr\/mag\/wp-json\/wp\/v2\/pages"}],"about":[{"href":"https:\/\/www.thestorefront.com\/fr\/mag\/wp-json\/wp\/v2\/types\/page"}],"author":[{"embeddable":true,"href":"https:\/\/www.thestorefront.com\/fr\/mag\/wp-json\/wp\/v2\/users\/37"}],"replies":[{"embeddable":true,"href":"https:\/\/www.thestorefront.com\/fr\/mag\/wp-json\/wp\/v2\/comments?post=17668"}],"version-history":[{"count":0,"href":"https:\/\/www.thestorefront.com\/fr\/mag\/wp-json\/wp\/v2\/pages\/17668\/revisions"}],"up":[{"embeddable":true,"href":"https:\/\/www.thestorefront.com\/fr\/mag\/wp-json\/wp\/v2\/pages\/11665"}],"wp:attachment":[{"href":"https:\/\/www.thestorefront.com\/fr\/mag\/wp-json\/wp\/v2\/media?parent=17668"}],"curies":[{"name":"wp","href":"https:\/\/api.w.org\/{rel}","templated":true}]}}

<div class="wp-block-qubely-row alignfull qubely-section qubely-block-bf9564"><div class="qubely-row-overlay"></div><div class="qubely-container"><div class="qubely-row ">
<div class="wp-block-qubely-column qubely-column qubely-column-front qubely-block-2735bd"><div class="qubely-column-inner">
<div class="wp-block-qubely-text qubely-block-6912df"><div class="qubely-block-text  "><div class="qubely-block-text-title-container  qubely-separator-position-top"><div class="qubely-block-text-title-inner"><h1 class="qubely-block-text-title">Space to Pop Pressroom</h1></div><div class="qubely-block-text-sub-title-container"><h3 class="qubely-block-text-sub-title"></h3></div></div><p></p></div></div>



<div style="height:40px" aria-hidden="true" class="wp-block-spacer"></div>
</div></div>
</div></div></div>



<div class="wp-block-qubely-row qubely-section qubely-block-6f48cd"><div class="qubely-row-overlay"></div><div class="qubely-container"><div class="qubely-row ">
<div class="wp-block-qubely-column qubely-column qubely-column-front qubely-block-b5ea7c"><div class="qubely-column-inner">
<div class="wp-block-qubely-buttongroup qubely-block-722d70"><div class="qubely-block-button-group ">
<div class="wp-block-qubely-button qubely-block-381fb5 qubely-group-button"><div class="qubely-block-btn-wrapper "><div class="qubely-block-btn"><a class="qubely-block-btn-anchor is-large" href="https://www.thestorefront.com/fr/go/press-coverage/"><strong>Press Coverage</strong></a></div></div></div>



<div class="wp-block-qubely-button qubely-block-9e5a82 qubely-group-button"><div class="qubely-block-btn-wrapper "><div class="qubely-block-btn"><a class="qubely-block-btn-anchor is-large" href="https://www.thestorefront.com/fr/go/presse/"><strong>Press Releases</strong></a></div></div></div>



<div class="wp-block-qubely-button qubely-block-bcc45c"><div class="qubely-block-btn-wrapper "><div class="qubely-block-btn"><a class="qubely-block-btn-anchor is-large" href="https://www.thestorefront.com/fr/go/ressources-presse/"><strong>Press Kit</strong></a></div></div></div>
</div></div>
</div></div>
</div></div></div>



<div class="wp-block-qubely-row qubely-section qubely-block-513ed2"><div class="qubely-row-overlay"></div><div class="qubely-container"><div class="qubely-row ">
<div class="wp-block-qubely-column qubely-column qubely-column-front qubely-block-16a6ef"><div class="qubely-column-inner">
<div class="wp-block-qubely-wrapper qubely-block-54f948"><div class="qubely-block-wrapper-block ">
<div class="wp-block-qubely-row qubely-section qubely-block-b01206"><div class="qubely-row-overlay"></div><div class="qubely-container-fluid"><div class="qubely-row ">
<div class="wp-block-qubely-column qubely-column qubely-column-front qubely-block-b1dafb"><div class="qubely-column-inner">
<div class="wp-block-qubely-heading qubely-block-af9db8"><div class="qubely-block-heading  "><div class="qubely-heading-container"><h2 class="qubely-heading-selector">Press Release<br></h2></div></div></div>
</div></div>



<div class="wp-block-qubely-column qubely-column qubely-column-front qubely-block-a444d7"><div class="qubely-column-inner">
<div class="wp-block-qubely-heading qubely-block-f72623"><div class="qubely-block-heading  "><div class="qubely-heading-container"><h3 class="qubely-heading-selector">Jeudi 6 décembre 2018</h3></div></div></div>
</div></div>
</div></div></div>



<div style="height:70px" aria-hidden="true" class="wp-block-spacer"></div>



<div class="wp-block-qubely-image qubely-block-670e66"><div class="qubely-block-image  qubely-image-layout-simple"><div class="qubely-image-media qubely-vertical-alignment-center qubely-horizontal-alignment-center"><figure><div class="qubely-image-container"><img decoding="async" class="qubely-image-image" src="https://www.thestorefront.com/mag/wp-content/uploads/2018/12/cret-tech.jpg" alt=""/></div></figure></div></div></div>



<h3 class="has-text-align-center wp-block-heading" id="h-storefront-grand-vainqueur-du-real-estate-tech-award">Space to Pop grand vainqueur du Real Estate Tech Award</h3>



<h4 class="has-text-align-center wp-block-heading" id="h-storefront-la-marketplace-qui-met-en-relation-des-propri-taires-avec-des-marques-e-commer-ants-et-cr-ateurs-du-monde-entier-pour-des-locations-de-courte-dur-e-sort-victorieuse-du-real-estate-tech-awards-new-york"><em>Space to Pop, l</em>a marketplace qui met en relation des propriétaires avec des marques, e-commerçants et créateurs du monde entier pour des locations de courte durée, sort victorieuse du Real Estate Tech Awards à New York.</h4>



<p><a href="https://www.thestorefront.com/fr">Space to Pop</a>, leader mondial sur le marché de la location éphémère d’espaces commerciaux, a gagné la première place du Real Estate Tech Awards (#RETAS) dans la catégorie Co-Working/Immobilier Éphémère organisé par <a href="https://www.cretech.com">CREtech</a> (<a href="https://cretech.com" rel="nofollow">cretech.com</a>), la plateforme référence sur le marché de l’immobilier et l’industrie tech.</p>



<p>Le #RETAS est le plus prestigieux des prix décernés aux fondateurs de startups tech. Au cours des cinq dernières années, CREtech a fait appel au #RETAS pour récompenser les entreprises les plus innovantes, celles qui ont joué un rôle essentiel dans le développement technologique de l’industrie immobilière tout au long de l’année.</p>



<p>Le jury de #RETAS, composé des principaux VC, Business Angels et investisseurs dans le secteur de la technologie de l&rsquo;immobilier commercial, a élu Space to Pop grand gagnant, devant près de 1 000 professionnels à la CREtech New York Venture Conference le 6 décembre 2018.</p>



<p>«&nbsp;En tant que leader mondial sur le marché de la location éphémère, nous sommes honorés d&rsquo;être reconnus pour notre contribution à fournir aux propriétaires un moyen efficace de maximiser leurs taux d&rsquo;occupation et leurs rendements», a déclaré Mohamed Haouache, CEO de Space to Pop. «Le retail ne se limite plus à acheter des produits, mais à offrir une expérience qui séduira et engagera les consommateurs. Nous construisons l&rsquo;avenir du retail en le rendant plus attrayant, plus transparent et donc plus profitable. Notre ambition est de rendre le retail accessible à tous, dans le monde entier.&nbsp;»</p>



<p>Space to Pop redéfinit la manière dont les entreprises s’implantent physiquement et temporairement grâce à sa marketplace internationale qui met en relation marques et propriétaires. Jeunes marques et marques établies ont toutes deux stratégiquement capitalisé sur le format éphémère pour intensifier leur communication avec leurs clients et créer une relation qui ne pourrait se faire en ligne. Le pop-up store permet aux entreprises d’être plus visibles et d’interagir avec les consommateurs en leur offrant une expérience humaine qui suscite l’engagement et augmente les ventes.</p>



<div class="wp-block-qubely-image qubely-block-ca1ca1"><div class="qubely-block-image  qubely-image-layout-simple"><div class="qubely-image-media qubely-vertical-alignment-center qubely-horizontal-alignment-center"><figure><div class="qubely-image-container"><img decoding="async" class="qubely-image-image" src="https://www.thestorefront.com/mag/wp-content/uploads/2018/12/cretech-logo.png" alt=""/></div></figure></div></div></div>



<p><strong>À propos de Space to Pop&nbsp;</strong></p>



<p>Space to Pop est le leader mondial sur le marché de la location éphémère d’espaces commerciaux. La plateforme met en relation des propriétaires avec des marques, e-commerçants et créateurs pour des locations de courte durée. Space to Pop démocratise ainsi l’accès à l’immobilier commercial et rend possible l’organisation d’événements et la création de pop-up stores dans le monde entier.</p>



<p>Depuis son lancement en 2014, Space to Pop a accompagné plus de 100 000 marques à travers les plus grandes villes du monde, de Paris à New York en passant par Milan, Londres et Hong Kong. La plateforme possède aujourd’hui le plus grand réseau d’espaces commerciaux disponibles à la location éphémère avec plus de 10 000 références. Pour plus d’informations sur Space to Pop : <a href="https://www.thestorefront.com/fr">www.thestorefront.com/fr</a></p>



<p><strong>À propos de&nbsp; CREtech</strong></p>



<p>La mission de CREtech est de relier les secteurs de l&rsquo;immobilier commercial et de la technologie, apportant une nouvelle ère d&rsquo;innovation, d&rsquo;investissement et de croissance à l&rsquo;industrie. La plateforme présente les événements les plus importants, l’actualité relative à l’industrie de l’immobilier, le plus grand répertoire de startups tech. CREtech fournit également des services de conseil aux startups et aux promoteurs et courtiers immobiliers.</p>



<p>Allison Hékimian</p>



<p><a href="mailto:ah@thestorefront.com">ah@thestorefront.com</a></p>



<p>+33637286864</p>
</div></div>
</div></div>
</div></div></div>
