{"id":17671,"date":"2018-09-18T11:48:48","date_gmt":"2018-09-18T11:48:48","guid":{"rendered":"https:\/\/www.thestorefront.com\/mag\/go\/presse\/storefront-partners-with-londons-camden-market-to-offer-brands-unique-pop-up-spaces\/"},"modified":"2026-01-30T00:00:18","modified_gmt":"2026-01-30T00:00:18","slug":"storefront-partners-with-londons-camden-market-to-offer-brands-unique-pop-up-spaces","status":"publish","type":"page","link":"https:\/\/www.thestorefront.com\/fr\/go\/presse\/storefront-partners-with-londons-camden-market-to-offer-brands-unique-pop-up-spaces\/","title":{"rendered":"Space to Pop s\u2019associe au March\u00e9 de Camden \u00e0 Londres et donne l\u2019opportunit\u00e9 aux marques d\u2019y ouvrir des Pop-Up Stores !"},"content":{"rendered":"\n<div class=\"wp-block-qubely-row alignfull qubely-section qubely-block-9224dd\"><div class=\"qubely-row-overlay\"><\/div><div class=\"qubely-container\"><div class=\"qubely-row \">\n<div class=\"wp-block-qubely-column qubely-column qubely-column-front qubely-block-bffde0\"><div class=\"qubely-column-inner\">\n<div class=\"wp-block-qubely-text qubely-block-73bccb\"><div class=\"qubely-block-text  \"><div class=\"qubely-block-text-title-container  qubely-separator-position-top\"><div class=\"qubely-block-text-title-inner\"><h1 class=\"qubely-block-text-title\">Space to Pop Pressroom<\/h1><\/div><div class=\"qubely-block-text-sub-title-container\"><h3 class=\"qubely-block-text-sub-title\"><\/h3><\/div><\/div><p><\/p><\/div><\/div>\n\n\n\n<div style=\"height:40px\" aria-hidden=\"true\" class=\"wp-block-spacer\"><\/div>\n<\/div><\/div>\n<\/div><\/div><\/div>\n\n\n\n<div class=\"wp-block-qubely-row qubely-section qubely-block-318639\"><div class=\"qubely-row-overlay\"><\/div><div class=\"qubely-container\"><div class=\"qubely-row \">\n<div class=\"wp-block-qubely-column qubely-column qubely-column-front qubely-block-8e17c7\"><div class=\"qubely-column-inner\">\n<div class=\"wp-block-qubely-buttongroup qubely-block-b63166\"><div class=\"qubely-block-button-group \">\n<div class=\"wp-block-qubely-button qubely-block-381fb5 qubely-group-button\"><div class=\"qubely-block-btn-wrapper \"><div class=\"qubely-block-btn\"><a class=\"qubely-block-btn-anchor is-large\" href=\"https:\/\/www.thestorefront.com\/go\/press-coverage\/\"><strong>Press Coverage<\/strong><\/a><\/div><\/div><\/div>\n\n\n\n<div class=\"wp-block-qubely-button qubely-block-9e5a82 qubely-group-button\"><div class=\"qubely-block-btn-wrapper \"><div class=\"qubely-block-btn\"><a class=\"qubely-block-btn-anchor is-large\" href=\"https:\/\/www.thestorefront.com\/go\/press-releases\/\"><strong>Press Releases<\/strong><\/a><\/div><\/div><\/div>\n\n\n\n<div class=\"wp-block-qubely-button qubely-block-350d13\"><div class=\"qubely-block-btn-wrapper \"><div class=\"qubely-block-btn\"><a class=\"qubely-block-btn-anchor is-large\" href=\"https:\/\/www.thestorefront.com\/go\/press-kit\/\"><strong>Press Kit<\/strong><\/a><\/div><\/div><\/div>\n<\/div><\/div>\n<\/div><\/div>\n<\/div><\/div><\/div>\n\n\n\n<div class=\"wp-block-qubely-row qubely-section qubely-block-534f2b\"><div class=\"qubely-row-overlay\"><\/div><div class=\"qubely-container\"><div class=\"qubely-row \">\n<div class=\"wp-block-qubely-column qubely-column qubely-column-front qubely-block-c78e63\"><div class=\"qubely-column-inner\">\n<div class=\"wp-block-qubely-wrapper qubely-block-6b4ed3\"><div class=\"qubely-block-wrapper-block \">\n<div class=\"wp-block-qubely-row qubely-section qubely-block-343441\"><div class=\"qubely-row-overlay\"><\/div><div class=\"qubely-container-fluid\"><div class=\"qubely-row \">\n<div class=\"wp-block-qubely-column qubely-column qubely-column-front qubely-block-f38e51\"><div class=\"qubely-column-inner\">\n<div class=\"wp-block-qubely-heading qubely-block-e6a889\"><div class=\"qubely-block-heading  \"><div class=\"qubely-heading-container\"><h2 class=\"qubely-heading-selector\">Press Release<br><\/h2><\/div><\/div><\/div>\n<\/div><\/div>\n\n\n\n<div class=\"wp-block-qubely-column qubely-column qubely-column-front qubely-block-70725f\"><div class=\"qubely-column-inner\">\n<div class=\"wp-block-qubely-heading qubely-block-0f5c5c\"><div class=\"qubely-block-heading  \"><div class=\"qubely-heading-container\"><h3 class=\"qubely-heading-selector\">Mardi 18 septembre 2018<\/h3><\/div><\/div><\/div>\n<\/div><\/div>\n<\/div><\/div><\/div>\n\n\n\n<div style=\"height:70px\" aria-hidden=\"true\" class=\"wp-block-spacer\"><\/div>\n\n\n\n<h3 class=\"has-text-align-center wp-block-heading\" id=\"h-storefront-s-associe-au-march-de-camden-londres-et-donne-l-opportunit-aux-marques-d-y-ouvrir-des-pop-up-stores\">Space to Pop s\u2019associe au March\u00e9 de Camden \u00e0 Londres et donne l\u2019opportunit\u00e9 aux marques d\u2019y ouvrir des Pop-Up Stores !<\/h3>\n\n\n\n<p>Le March\u00e9 de Camden et Space to Pop s\u2019associent pour un partenariat exclusif : l\u2019opportunit\u00e9 donn\u00e9e aux marques d\u2019ouvrir des corners \u00e9ph\u00e9m\u00e8res au sein de l\u2019une des zones les plus commer\u00e7antes de Londres ! Densit\u00e9 du trafic, mixit\u00e9 entre consommateurs locaux et touristes, attractivit\u00e9 du quartier\u2026 nombreux sont les arguments qui font de ce partenariat une occasion \u00e0 ne pas manquer.<\/p>\n\n\n\n<p><em>\u201cLe March\u00e9 de Camden est une zone clef et historique \u00e0 Londres pour le commerce et le divertissement qui ne cesse d\u2019\u00e9voluer. Nous sommes honor\u00e9s de ce partenariat r\u00e9alis\u00e9 avec le Market Tech du March\u00e9 de Camden. Leur approche flexible et visionnaire de la location est en parfaite ad\u00e9quation avec notre coeur de m\u00e9tier chez Space to Pop.\u201d<\/em><\/p>\n\n\n\n<p><strong>Charlie Farr, Directeur du D\u00e9veloppement Commercial chez Space to Pop<\/strong><\/p>\n\n\n\n<p>Actuellement, le march\u00e9 compte environ 1 000 spots pour faire du shopping, manger, ouvrir des Pop-Up Stores et r\u00e9unit en son sein de nombreuses marques comme Dr. Martens, Havaianas, ou encore l\u2019incontournable Cheese Bar qui attire de nombreux consommateurs. Gr\u00e2ce \u00e0 ce partenariat exclusif, des milliers de marques peuvent d\u00e9sormais profiter de cette localisation d\u2019exception. Fort d\u2019une premi\u00e8re signature avec la marque Naked Dough pour une dur\u00e9e d\u2019un an, Space to Pop a pour ambition de d\u00e9mocratiser l\u2019acc\u00e8s au March\u00e9 de Camden pour bien d\u2019autres marques, concepts ou artistes.<\/p>\n\n\n\n<p><em>\u201cNous attendions cette opportunit\u00e9 avec impatience car Camden est le quartier r\u00eav\u00e9 pour notre troisi\u00e8me boutique. Le March\u00e9 de Camden est une localisation clef pour les touristes, car il est un concentr\u00e9 de dizaines de marques attractives. Gr\u00e2ce \u00e0 Space to Pop, nous avons pu rapidement et facilement rencontrer les propri\u00e9taires du March\u00e9 de Camden afin de confirmer notre int\u00e9r\u00eat et de s\u2019installer. Nous avons h\u00e2te d\u2019ouvrir cet \u00e9t\u00e9 et de devenir un passage touristique incontournable !\u201d<\/em><\/p>\n\n\n\n<p><strong>Hannah Adams, Co-fondatrice de Naked Dough<\/strong><\/p>\n\n\n\n<p><em>\u201cDepuis 1973, le March\u00e9 de Camden travaille avec des marques innovantes et attire des consommateurs venus chercher une exp\u00e9rience retail diff\u00e9rente, unique. Ce partenariat avec Space to Pop nous permet d\u2019acc\u00e9l\u00e9rer notre collaboration avec des marques d\u2019exception, peu importe leur stade de d\u00e9veloppement. Nous avons h\u00e2te d\u2019accueillir de nouveaux concepts, de voir de nouveaux talents \u00e9merger et prendre possession des lieux gr\u00e2ce au service unique de Space to Pop.\u00a0\u00bb<\/em><\/p>\n\n\n\n<p><strong>Stephanie Dye, Charg\u00e9e de Communication au March\u00e9 de Camden<\/strong><\/p>\n\n\n\n<p><em><strong>\u00c0 propos<\/strong><\/em><\/p>\n\n\n\n<p><em>Space to Pop est le leader mondial sur le march\u00e9 de la location \u00e9ph\u00e9m\u00e8re d\u2019espaces commerciaux. La plateforme met en relation des propri\u00e9taires avec des marques, e-commer\u00e7ants et cr\u00e9ateurs pour des locations de courte dur\u00e9e. Space to Pop d\u00e9mocratise ainsi l\u2019acc\u00e8s \u00e0 l\u2019immobilier commercial et rend possible l\u2019organisation d\u2019\u00e9v\u00e9nements et la cr\u00e9ation de pop-up stores dans le monde entier.<\/em><\/p>\n\n\n\n<p><em>Depuis son lancement en 2014, Space to Pop a accompagn\u00e9 plus de 100 000 marques \u00e0 travers les plus grandes villes du monde, de Paris \u00e0 New York en passant par Milan, Londres et Hong Kong. La plateforme poss\u00e8de aujourd\u2019hui le plus grand r\u00e9seau d\u2019espaces commerciaux disponibles \u00e0 la location \u00e9ph\u00e9m\u00e8re avec plus de 10 000 r\u00e9f\u00e9rences.<\/em><\/p>\n<\/div><\/div>\n<\/div><\/div>\n<\/div><\/div><\/div>\n","protected":false},"excerpt":{"rendered":"","protected":false},"author":37,"featured_media":0,"parent":11665,"menu_order":0,"comment_status":"closed","ping_status":"closed","template":"landing-page-blocks-based.php","meta":{"qubely_global_settings":"","qubely_interactions":"","content-type":"","inline_featured_image":false,"site-sidebar-layout":"default","site-content-layout":"","ast-site-content-layout":"","site-content-style":"default","site-sidebar-style":"default","ast-global-header-display":"","ast-banner-title-visibility":"","ast-main-header-display":"","ast-hfb-above-header-display":"","ast-hfb-below-header-display":"","ast-hfb-mobile-header-display":"","site-post-title":"","ast-breadcrumbs-content":"","ast-featured-img":"","footer-sml-layout":"","theme-transparent-header-meta":"","adv-header-id-meta":"","stick-header-meta":"","header-above-stick-meta":"","header-main-stick-meta":"","header-below-stick-meta":"","astra-migrate-meta-layouts":"set","ast-page-background-enabled":"default","ast-page-background-meta":{"desktop":{"background-color":"","background-image":"","background-repeat":"repeat","background-position":"center center","background-size":"auto","background-attachment":"scroll","background-type":"","background-media":"","overlay-type":"","overlay-color":"","overlay-opacity":"","overlay-gradient":""},"tablet":{"background-color":"","background-image":"","background-repeat":"repeat","background-position":"center center","background-size":"auto","background-attachment":"scroll","background-type":"","background-media":"","overlay-type":"","overlay-color":"","overlay-opacity":"","overlay-gradient":""},"mobile":{"background-color":"","background-image":"","background-repeat":"repeat","background-position":"center center","background-size":"auto","background-attachment":"scroll","background-type":"","background-media":"","overlay-type":"","overlay-color":"","overlay-opacity":"","overlay-gradient":""}},"ast-content-background-meta":{"desktop":{"background-color":"var(--ast-global-color-5)","background-image":"","background-repeat":"repeat","background-position":"center center","background-size":"auto","background-attachment":"scroll","background-type":"","background-media":"","overlay-type":"","overlay-color":"","overlay-opacity":"","overlay-gradient":""},"tablet":{"background-color":"var(--ast-global-color-5)","background-image":"","background-repeat":"repeat","background-position":"center center","background-size":"auto","background-attachment":"scroll","background-type":"","background-media":"","overlay-type":"","overlay-color":"","overlay-opacity":"","overlay-gradient":""},"mobile":{"background-color":"var(--ast-global-color-5)","background-image":"","background-repeat":"repeat","background-position":"center center","background-size":"auto","background-attachment":"scroll","background-type":"","background-media":"","overlay-type":"","overlay-color":"","overlay-opacity":"","overlay-gradient":""}},"footnotes":""},"class_list":["post-17671","page","type-page","status-publish","hentry"],"_links":{"self":[{"href":"https:\/\/www.thestorefront.com\/fr\/mag\/wp-json\/wp\/v2\/pages\/17671","targetHints":{"allow":["GET"]}}],"collection":[{"href":"https:\/\/www.thestorefront.com\/fr\/mag\/wp-json\/wp\/v2\/pages"}],"about":[{"href":"https:\/\/www.thestorefront.com\/fr\/mag\/wp-json\/wp\/v2\/types\/page"}],"author":[{"embeddable":true,"href":"https:\/\/www.thestorefront.com\/fr\/mag\/wp-json\/wp\/v2\/users\/37"}],"replies":[{"embeddable":true,"href":"https:\/\/www.thestorefront.com\/fr\/mag\/wp-json\/wp\/v2\/comments?post=17671"}],"version-history":[{"count":0,"href":"https:\/\/www.thestorefront.com\/fr\/mag\/wp-json\/wp\/v2\/pages\/17671\/revisions"}],"up":[{"embeddable":true,"href":"https:\/\/www.thestorefront.com\/fr\/mag\/wp-json\/wp\/v2\/pages\/11665"}],"wp:attachment":[{"href":"https:\/\/www.thestorefront.com\/fr\/mag\/wp-json\/wp\/v2\/media?parent=17671"}],"curies":[{"name":"wp","href":"https:\/\/api.w.org\/{rel}","templated":true}]}}

Space to Pop s’associe au Marché de Camden à Londres et donne l’opportunité aux marques d’y ouvrir des Pop-Up Stores !

<div class="wp-block-qubely-row alignfull qubely-section qubely-block-9224dd"><div class="qubely-row-overlay"></div><div class="qubely-container"><div class="qubely-row ">
<div class="wp-block-qubely-column qubely-column qubely-column-front qubely-block-bffde0"><div class="qubely-column-inner">
<div class="wp-block-qubely-text qubely-block-73bccb"><div class="qubely-block-text  "><div class="qubely-block-text-title-container  qubely-separator-position-top"><div class="qubely-block-text-title-inner"><h1 class="qubely-block-text-title">Space to Pop Pressroom</h1></div><div class="qubely-block-text-sub-title-container"><h3 class="qubely-block-text-sub-title"></h3></div></div><p></p></div></div>



<div style="height:40px" aria-hidden="true" class="wp-block-spacer"></div>
</div></div>
</div></div></div>



<div class="wp-block-qubely-row qubely-section qubely-block-318639"><div class="qubely-row-overlay"></div><div class="qubely-container"><div class="qubely-row ">
<div class="wp-block-qubely-column qubely-column qubely-column-front qubely-block-8e17c7"><div class="qubely-column-inner">
<div class="wp-block-qubely-buttongroup qubely-block-b63166"><div class="qubely-block-button-group ">
<div class="wp-block-qubely-button qubely-block-381fb5 qubely-group-button"><div class="qubely-block-btn-wrapper "><div class="qubely-block-btn"><a class="qubely-block-btn-anchor is-large" href="https://www.thestorefront.com/go/press-coverage/"><strong>Press Coverage</strong></a></div></div></div>



<div class="wp-block-qubely-button qubely-block-9e5a82 qubely-group-button"><div class="qubely-block-btn-wrapper "><div class="qubely-block-btn"><a class="qubely-block-btn-anchor is-large" href="https://www.thestorefront.com/go/press-releases/"><strong>Press Releases</strong></a></div></div></div>



<div class="wp-block-qubely-button qubely-block-350d13"><div class="qubely-block-btn-wrapper "><div class="qubely-block-btn"><a class="qubely-block-btn-anchor is-large" href="https://www.thestorefront.com/go/press-kit/"><strong>Press Kit</strong></a></div></div></div>
</div></div>
</div></div>
</div></div></div>



<div class="wp-block-qubely-row qubely-section qubely-block-534f2b"><div class="qubely-row-overlay"></div><div class="qubely-container"><div class="qubely-row ">
<div class="wp-block-qubely-column qubely-column qubely-column-front qubely-block-c78e63"><div class="qubely-column-inner">
<div class="wp-block-qubely-wrapper qubely-block-6b4ed3"><div class="qubely-block-wrapper-block ">
<div class="wp-block-qubely-row qubely-section qubely-block-343441"><div class="qubely-row-overlay"></div><div class="qubely-container-fluid"><div class="qubely-row ">
<div class="wp-block-qubely-column qubely-column qubely-column-front qubely-block-f38e51"><div class="qubely-column-inner">
<div class="wp-block-qubely-heading qubely-block-e6a889"><div class="qubely-block-heading  "><div class="qubely-heading-container"><h2 class="qubely-heading-selector">Press Release<br></h2></div></div></div>
</div></div>



<div class="wp-block-qubely-column qubely-column qubely-column-front qubely-block-70725f"><div class="qubely-column-inner">
<div class="wp-block-qubely-heading qubely-block-0f5c5c"><div class="qubely-block-heading  "><div class="qubely-heading-container"><h3 class="qubely-heading-selector">Mardi 18 septembre 2018</h3></div></div></div>
</div></div>
</div></div></div>



<div style="height:70px" aria-hidden="true" class="wp-block-spacer"></div>



<h3 class="has-text-align-center wp-block-heading" id="h-storefront-s-associe-au-march-de-camden-londres-et-donne-l-opportunit-aux-marques-d-y-ouvrir-des-pop-up-stores">Space to Pop s’associe au Marché de Camden à Londres et donne l’opportunité aux marques d’y ouvrir des Pop-Up Stores !</h3>



<p>Le Marché de Camden et Space to Pop s’associent pour un partenariat exclusif : l’opportunité donnée aux marques d’ouvrir des corners éphémères au sein de l’une des zones les plus commerçantes de Londres ! Densité du trafic, mixité entre consommateurs locaux et touristes, attractivité du quartier… nombreux sont les arguments qui font de ce partenariat une occasion à ne pas manquer.</p>



<p><em>“Le Marché de Camden est une zone clef et historique à Londres pour le commerce et le divertissement qui ne cesse d’évoluer. Nous sommes honorés de ce partenariat réalisé avec le Market Tech du Marché de Camden. Leur approche flexible et visionnaire de la location est en parfaite adéquation avec notre coeur de métier chez Space to Pop.”</em></p>



<p><strong>Charlie Farr, Directeur du Développement Commercial chez Space to Pop</strong></p>



<p>Actuellement, le marché compte environ 1 000 spots pour faire du shopping, manger, ouvrir des Pop-Up Stores et réunit en son sein de nombreuses marques comme Dr. Martens, Havaianas, ou encore l’incontournable Cheese Bar qui attire de nombreux consommateurs. Grâce à ce partenariat exclusif, des milliers de marques peuvent désormais profiter de cette localisation d’exception. Fort d’une première signature avec la marque Naked Dough pour une durée d’un an, Space to Pop a pour ambition de démocratiser l’accès au Marché de Camden pour bien d’autres marques, concepts ou artistes.</p>



<p><em>“Nous attendions cette opportunité avec impatience car Camden est le quartier rêvé pour notre troisième boutique. Le Marché de Camden est une localisation clef pour les touristes, car il est un concentré de dizaines de marques attractives. Grâce à Space to Pop, nous avons pu rapidement et facilement rencontrer les propriétaires du Marché de Camden afin de confirmer notre intérêt et de s’installer. Nous avons hâte d’ouvrir cet été et de devenir un passage touristique incontournable !”</em></p>



<p><strong>Hannah Adams, Co-fondatrice de Naked Dough</strong></p>



<p><em>“Depuis 1973, le Marché de Camden travaille avec des marques innovantes et attire des consommateurs venus chercher une expérience retail différente, unique. Ce partenariat avec Space to Pop nous permet d’accélérer notre collaboration avec des marques d’exception, peu importe leur stade de développement. Nous avons hâte d’accueillir de nouveaux concepts, de voir de nouveaux talents émerger et prendre possession des lieux grâce au service unique de Space to Pop. »</em></p>



<p><strong>Stephanie Dye, Chargée de Communication au Marché de Camden</strong></p>



<p><em><strong>À propos</strong></em></p>



<p><em>Space to Pop est le leader mondial sur le marché de la location éphémère d’espaces commerciaux. La plateforme met en relation des propriétaires avec des marques, e-commerçants et créateurs pour des locations de courte durée. Space to Pop démocratise ainsi l’accès à l’immobilier commercial et rend possible l’organisation d’événements et la création de pop-up stores dans le monde entier.</em></p>



<p><em>Depuis son lancement en 2014, Space to Pop a accompagné plus de 100 000 marques à travers les plus grandes villes du monde, de Paris à New York en passant par Milan, Londres et Hong Kong. La plateforme possède aujourd’hui le plus grand réseau d’espaces commerciaux disponibles à la location éphémère avec plus de 10 000 références.</em></p>
</div></div>
</div></div>
</div></div></div>
