{"id":19088,"date":"2019-06-12T12:41:49","date_gmt":"2019-06-12T12:41:49","guid":{"rendered":"https:\/\/www.thestorefront.com\/mag\/?page_id=19088"},"modified":"2026-01-29T23:53:41","modified_gmt":"2026-01-29T23:53:41","slug":"le-retail-renait-grace-au-pop-up-store","status":"publish","type":"page","link":"https:\/\/www.thestorefront.com\/fr\/go\/presse\/le-retail-renait-grace-au-pop-up-store\/","title":{"rendered":"Cette nouvelle \u00e9tude de march\u00e9 d\u00e9montre que le retail rena\u00eet gr\u00e2ce au pop-up store."},"content":{"rendered":"\n<div class=\"wp-block-qubely-row alignfull qubely-section qubely-block-84f5ea\"><div class=\"qubely-row-overlay\"><\/div><div class=\"qubely-container\"><div class=\"qubely-row \">\n<div class=\"wp-block-qubely-column qubely-column qubely-column-front qubely-block-5734be\"><div class=\"qubely-column-inner\">\n<div class=\"wp-block-qubely-text qubely-block-8b3805\"><div class=\"qubely-block-text  \"><div class=\"qubely-block-text-title-container  qubely-separator-position-top\"><div class=\"qubely-block-text-title-inner\"><h1 class=\"qubely-block-text-title\">Space to Pop Pressroom<\/h1><\/div><div class=\"qubely-block-text-sub-title-container\"><h3 class=\"qubely-block-text-sub-title\">&nbsp;<\/h3><\/div><\/div><p>&nbsp;<\/p><\/div><\/div>\n\n\n\n<div style=\"height:40px\" aria-hidden=\"true\" class=\"wp-block-spacer\"><\/div>\n<\/div><\/div>\n<\/div><\/div><\/div>\n\n\n\n<div class=\"wp-block-qubely-row qubely-section qubely-block-d4b72a\"><div class=\"qubely-row-overlay\"><\/div><div class=\"qubely-container\"><div class=\"qubely-row \">\n<div class=\"wp-block-qubely-column qubely-column qubely-column-front qubely-block-f00095\"><div class=\"qubely-column-inner\">\n<div class=\"wp-block-qubely-buttongroup qubely-block-c9a009\"><div class=\"qubely-block-button-group \">\n<div class=\"wp-block-qubely-button qubely-block-381fb5 qubely-group-button\"><div class=\"qubely-block-btn-wrapper \"><div class=\"qubely-block-btn\"><a class=\"qubely-block-btn-anchor is-large\" href=\"https:\/\/www.thestorefront.com\/fr\/go\/press-coverage\/\"><strong>Press Coverage<\/strong><\/a><\/div><\/div><\/div>\n\n\n\n<div class=\"wp-block-qubely-button qubely-block-9e5a82 qubely-group-button\"><div class=\"qubely-block-btn-wrapper \"><div class=\"qubely-block-btn\"><a class=\"qubely-block-btn-anchor is-large\" href=\"https:\/\/www.thestorefront.com\/fr\/go\/presse\/\"><strong>Press Releases<\/strong><\/a><\/div><\/div><\/div>\n\n\n\n<div class=\"wp-block-qubely-button qubely-block-f9d91e\"><div class=\"qubely-block-btn-wrapper \"><div class=\"qubely-block-btn\"><a class=\"qubely-block-btn-anchor is-large\" href=\"https:\/\/www.thestorefront.com\/fr\/go\/ressources-presse\/\"><strong>Press Kit<\/strong><\/a><\/div><\/div><\/div>\n<\/div><\/div>\n<\/div><\/div>\n<\/div><\/div><\/div>\n\n\n\n<div class=\"wp-block-qubely-row qubely-section qubely-block-146fc4\"><div class=\"qubely-row-overlay\"><\/div><div class=\"qubely-container\"><div class=\"qubely-row \">\n<div class=\"wp-block-qubely-column qubely-column qubely-column-front qubely-block-b22f9e\"><div class=\"qubely-column-inner\">\n<div class=\"wp-block-qubely-wrapper qubely-block-874290\"><div class=\"qubely-block-wrapper-block \">\n<div class=\"wp-block-qubely-row qubely-section qubely-block-1f6995\"><div class=\"qubely-row-overlay\"><\/div><div class=\"qubely-container-fluid\"><div class=\"qubely-row \">\n<div class=\"wp-block-qubely-column qubely-column qubely-column-front qubely-block-5cb10e\"><div class=\"qubely-column-inner\">\n<div class=\"wp-block-qubely-heading qubely-block-45edda\"><div class=\"qubely-block-heading  \"><div class=\"qubely-heading-container\"><h2 class=\"qubely-heading-selector\">Press Release<br><\/h2><\/div><\/div><\/div>\n<\/div><\/div>\n\n\n\n<div class=\"wp-block-qubely-column qubely-column qubely-column-front qubely-block-4f7476\"><div class=\"qubely-column-inner\">\n<div class=\"wp-block-qubely-heading qubely-block-99dfe3\"><div class=\"qubely-block-heading  \"><div class=\"qubely-heading-container\"><h3 class=\"qubely-heading-selector\">Mardi 4 juin 2019<\/h3><\/div><\/div><\/div>\n<\/div><\/div>\n<\/div><\/div><\/div>\n\n\n\n<div style=\"height:70px\" aria-hidden=\"true\" class=\"wp-block-spacer\"><\/div>\n\n\n\n<h3 class=\"has-text-align-center wp-block-heading\" id=\"h-cette-nouvelle-tude-de-march-d-montre-que-le-retail-rena-t-gr-ce-au-pop-up-store\">Cette nouvelle \u00e9tude de march\u00e9 d\u00e9montre que le retail rena\u00eet gr\u00e2ce au pop-up store.<\/h3>\n\n\n\n<h4 class=\"has-text-align-center wp-block-heading\" id=\"h-selon-l-universit-de-caroline-du-sud-les-boutiques-ph-m-res-sont-de-plus-en-plus-utilis-es-car-elles-permettent-aux-marques-d-asseoir-leur-notori-t-mais-aussi-de-d-velopper-la-relation-client-le-et-l-engouement-des-consommateurs-envers-une-marque\"><em><strong>Selon l\u2019Universit\u00e9 de Caroline du Sud, les boutiques \u00e9ph\u00e9m\u00e8res sont de plus en plus utilis\u00e9es car elles permettent aux marques d\u2019asseoir leur notori\u00e9t\u00e9 mais aussi de d\u00e9velopper la relation client\u00e8le et l\u2019engouement des consommateurs envers une marque. &nbsp;<\/strong><\/em><\/h4>\n\n\n\n<p><\/p>\n\n\n\n<p><strong><em>Columbia, SC\u2014 5 Juin 2019<\/em><\/strong> <strong><em>\u2014 <\/em><\/strong>Une enqu\u00eate r\u00e9cente conduite par le d\u00e9partement du Retail de l\u2019Universit\u00e9 de Caroline du Sud et Space to Pop, marketplace leader dans la location \u00e9ph\u00e9m\u00e8re d\u2019espaces commerciaux, a r\u00e9unit l\u2019avis de plus de 600 entreprises retail. Les r\u00e9sultats ont permit de d\u00e9montrer que le concept des pop-up stores ou location \u00e0 court terme est devenu une strat\u00e9gie importante dans la promotion d\u2019une marque et dans la vente de produits et services. Cela permet \u00e9galement de construire une relation \u00e0 long terme avec leur client. Plus de 80% des participants ayant d\u00e9j\u00e0 fait au moins un pop-up store ont d\u00e9clar\u00e9 avoir connu un vrai succ\u00e8s et 58% d\u2019entre eux veulent en faire un nouveau.<\/p>\n\n\n\n<p>L\u2019enqu\u00eate a \u00e9galement r\u00e9v\u00e9l\u00e9 que la plupart des e-commer\u00e7ants, commer\u00e7ants et autres retailers ne lan\u00e7aient pas n\u00e9cessairement un pop-up store pour augmenter leurs ventes. Les retailers souhaitent plut\u00f4t se rapprocher de leur client\u00e8le et rencontrer un public nouveau, augmenter leur notori\u00e9t\u00e9 ou faire d\u00e9couvrir un nouveau produit ou service.<\/p>\n\n\n\n<p>Pour autant, m\u00eame si l\u2019augmentation des ventes n\u2019est pas le motif n\u00b01 pour ouvrir un pop-up store, cela reste un \u00e9l\u00e9ment cl\u00e9 juste apr\u00e8s l\u2019envie de &nbsp;\u201cgagner en visibilit\u00e9 sur son march\u00e9\u201d qui a \u00e9t\u00e9 cit\u00e9 par la moiti\u00e9 des participants. De plus, l\u2019engagement sur les r\u00e9seaux sociaux, l\u2019augmentation du trafic web et les retomb\u00e9es presse sont des \u00e9l\u00e9ments qui incitent \u00e0 l\u2019ouverture d\u2019un pop-up store et confirme le succ\u00e8s de celui-ci.<\/p>\n\n\n\n<p>\u201cNotre enqu\u00eate a r\u00e9v\u00e9l\u00e9 que les marques utilisent, la plupart du temps, les pop-ups stores pour interagir avec leur client\u00e8le et augmenter leur notori\u00e9t\u00e9 d\u2019une mani\u00e8re impossible via d\u2019autres canaux. La renaissance du retail repose enti\u00e8rement sur l&rsquo;exp\u00e9rience client \u201d, a d\u00e9clar\u00e9 Mark Rosenbaum, chercheur principal, Directeur et professeur du d\u00e9partement retail de l&rsquo;Universit\u00e9 de Caroline du Sud. \u00abLes pop-ups ne sont plus utilis\u00e9s seulement pour des promotions ponctuelles, des ventes priv\u00e9es ou pour vendre un surplus de stock; il s&rsquo;agit de cr\u00e9er des communaut\u00e9s de clients, un buzz instantan\u00e9 et mesurable mais aussi des exp\u00e9riences personnalis\u00e9es n\u00e9cessitant une pr\u00e9sence physique. \u00ab\u00a0<\/p>\n\n\n\n<p><strong>Plus de flexibilit\u00e9 et moins de risque<\/strong><\/p>\n\n\n\n<p>Karen Edwards, avocate, professeur dans le retail et co-chercheuse de l&rsquo;\u00e9tude estime que les pop-up stores permettent aux retailers d\u2019avoir une plus grande flexibilit\u00e9 et de prendre moins de risques que de se lancer dans un bail commercial \u00e0 long terme. Karen Edwards d\u00e9clare: \u201cLes mod\u00e8les \u00e9ph\u00e9m\u00e8res permettent \u00e9galement aux retailers d\u2019essayer la vente dans un magasin physique sans avoir \u00e0 s\u2019engager de mani\u00e8re excessive dans un chiffre d\u2019affaires \u00e0 produire ou avoir un stock imposant. Le rapport co\u00fbts-avantages d\u2019un pop-up store est important et b\u00e9n\u00e9ficie \u00e9galement \u00e0 toutes marques e-commerce (DNVB).\u201d<\/p>\n\n\n\n<p>\u00abL\u2019enqu\u00eate renforce les dires que nous entendons chaque jour via nos clients : les pop-ups offrent aux marques un moyen flexible de dialoguer avec la client\u00e8le de mani\u00e8re cr\u00e9ative tout en augmentant leur notori\u00e9t\u00e9\u00bb, a d\u00e9clar\u00e9 Stephanie, Kidder, CMO chez Space to Pop.<\/p>\n\n\n\n<p>Les r\u00e9sultats complets de l\u2019enqu\u00eate se trouvent <a href=\"https:\/\/www.thestorefront.com\/fr\/go\/infographie-pourquoi-choisir-le-retail-a-court-terme\/\">ici<\/a>.<\/p>\n\n\n\n<p><strong>Pour plus d\u2019informations :<\/strong><\/p>\n\n\n\n<p>Nicholas Moore<\/p>\n\n\n\n<p>Responsable marketing, Space to Pop<\/p>\n\n\n\n<p><a href=\"mailto:nmoore@thestorefront.com\">nmoore@thestorefront.com<\/a><\/p>\n<\/div><\/div>\n<\/div><\/div>\n<\/div><\/div><\/div>\n","protected":false},"excerpt":{"rendered":"","protected":false},"author":55,"featured_media":0,"parent":11665,"menu_order":0,"comment_status":"closed","ping_status":"closed","template":"","meta":{"qubely_global_settings":"","qubely_interactions":"","content-type":"","inline_featured_image":false,"site-sidebar-layout":"default","site-content-layout":"","ast-site-content-layout":"default","site-content-style":"default","site-sidebar-style":"default","ast-global-header-display":"","ast-banner-title-visibility":"","ast-main-header-display":"","ast-hfb-above-header-display":"","ast-hfb-below-header-display":"","ast-hfb-mobile-header-display":"","site-post-title":"","ast-breadcrumbs-content":"","ast-featured-img":"","footer-sml-layout":"","theme-transparent-header-meta":"","adv-header-id-meta":"","stick-header-meta":"","header-above-stick-meta":"","header-main-stick-meta":"","header-below-stick-meta":"","astra-migrate-meta-layouts":"set","ast-page-background-enabled":"default","ast-page-background-meta":{"desktop":{"background-color":"","background-image":"","background-repeat":"repeat","background-position":"center center","background-size":"auto","background-attachment":"scroll","background-type":"","background-media":"","overlay-type":"","overlay-color":"","overlay-opacity":"","overlay-gradient":""},"tablet":{"background-color":"","background-image":"","background-repeat":"repeat","background-position":"center center","background-size":"auto","background-attachment":"scroll","background-type":"","background-media":"","overlay-type":"","overlay-color":"","overlay-opacity":"","overlay-gradient":""},"mobile":{"background-color":"","background-image":"","background-repeat":"repeat","background-position":"center center","background-size":"auto","background-attachment":"scroll","background-type":"","background-media":"","overlay-type":"","overlay-color":"","overlay-opacity":"","overlay-gradient":""}},"ast-content-background-meta":{"desktop":{"background-color":"var(--ast-global-color-5)","background-image":"","background-repeat":"repeat","background-position":"center center","background-size":"auto","background-attachment":"scroll","background-type":"","background-media":"","overlay-type":"","overlay-color":"","overlay-opacity":"","overlay-gradient":""},"tablet":{"background-color":"var(--ast-global-color-5)","background-image":"","background-repeat":"repeat","background-position":"center center","background-size":"auto","background-attachment":"scroll","background-type":"","background-media":"","overlay-type":"","overlay-color":"","overlay-opacity":"","overlay-gradient":""},"mobile":{"background-color":"var(--ast-global-color-5)","background-image":"","background-repeat":"repeat","background-position":"center center","background-size":"auto","background-attachment":"scroll","background-type":"","background-media":"","overlay-type":"","overlay-color":"","overlay-opacity":"","overlay-gradient":""}},"footnotes":""},"class_list":["post-19088","page","type-page","status-publish","hentry"],"_links":{"self":[{"href":"https:\/\/www.thestorefront.com\/fr\/mag\/wp-json\/wp\/v2\/pages\/19088","targetHints":{"allow":["GET"]}}],"collection":[{"href":"https:\/\/www.thestorefront.com\/fr\/mag\/wp-json\/wp\/v2\/pages"}],"about":[{"href":"https:\/\/www.thestorefront.com\/fr\/mag\/wp-json\/wp\/v2\/types\/page"}],"author":[{"embeddable":true,"href":"https:\/\/www.thestorefront.com\/fr\/mag\/wp-json\/wp\/v2\/users\/55"}],"replies":[{"embeddable":true,"href":"https:\/\/www.thestorefront.com\/fr\/mag\/wp-json\/wp\/v2\/comments?post=19088"}],"version-history":[{"count":0,"href":"https:\/\/www.thestorefront.com\/fr\/mag\/wp-json\/wp\/v2\/pages\/19088\/revisions"}],"up":[{"embeddable":true,"href":"https:\/\/www.thestorefront.com\/fr\/mag\/wp-json\/wp\/v2\/pages\/11665"}],"wp:attachment":[{"href":"https:\/\/www.thestorefront.com\/fr\/mag\/wp-json\/wp\/v2\/media?parent=19088"}],"curies":[{"name":"wp","href":"https:\/\/api.w.org\/{rel}","templated":true}]}}

Cette nouvelle étude de marché démontre que le retail renaît grâce au pop-up store.

<div class="wp-block-qubely-row alignfull qubely-section qubely-block-84f5ea"><div class="qubely-row-overlay"></div><div class="qubely-container"><div class="qubely-row ">
<div class="wp-block-qubely-column qubely-column qubely-column-front qubely-block-5734be"><div class="qubely-column-inner">
<div class="wp-block-qubely-text qubely-block-8b3805"><div class="qubely-block-text  "><div class="qubely-block-text-title-container  qubely-separator-position-top"><div class="qubely-block-text-title-inner"><h1 class="qubely-block-text-title">Space to Pop Pressroom</h1></div><div class="qubely-block-text-sub-title-container"><h3 class="qubely-block-text-sub-title">&nbsp;</h3></div></div><p>&nbsp;</p></div></div>



<div style="height:40px" aria-hidden="true" class="wp-block-spacer"></div>
</div></div>
</div></div></div>



<div class="wp-block-qubely-row qubely-section qubely-block-d4b72a"><div class="qubely-row-overlay"></div><div class="qubely-container"><div class="qubely-row ">
<div class="wp-block-qubely-column qubely-column qubely-column-front qubely-block-f00095"><div class="qubely-column-inner">
<div class="wp-block-qubely-buttongroup qubely-block-c9a009"><div class="qubely-block-button-group ">
<div class="wp-block-qubely-button qubely-block-381fb5 qubely-group-button"><div class="qubely-block-btn-wrapper "><div class="qubely-block-btn"><a class="qubely-block-btn-anchor is-large" href="https://www.thestorefront.com/fr/go/press-coverage/"><strong>Press Coverage</strong></a></div></div></div>



<div class="wp-block-qubely-button qubely-block-9e5a82 qubely-group-button"><div class="qubely-block-btn-wrapper "><div class="qubely-block-btn"><a class="qubely-block-btn-anchor is-large" href="https://www.thestorefront.com/fr/go/presse/"><strong>Press Releases</strong></a></div></div></div>



<div class="wp-block-qubely-button qubely-block-f9d91e"><div class="qubely-block-btn-wrapper "><div class="qubely-block-btn"><a class="qubely-block-btn-anchor is-large" href="https://www.thestorefront.com/fr/go/ressources-presse/"><strong>Press Kit</strong></a></div></div></div>
</div></div>
</div></div>
</div></div></div>



<div class="wp-block-qubely-row qubely-section qubely-block-146fc4"><div class="qubely-row-overlay"></div><div class="qubely-container"><div class="qubely-row ">
<div class="wp-block-qubely-column qubely-column qubely-column-front qubely-block-b22f9e"><div class="qubely-column-inner">
<div class="wp-block-qubely-wrapper qubely-block-874290"><div class="qubely-block-wrapper-block ">
<div class="wp-block-qubely-row qubely-section qubely-block-1f6995"><div class="qubely-row-overlay"></div><div class="qubely-container-fluid"><div class="qubely-row ">
<div class="wp-block-qubely-column qubely-column qubely-column-front qubely-block-5cb10e"><div class="qubely-column-inner">
<div class="wp-block-qubely-heading qubely-block-45edda"><div class="qubely-block-heading  "><div class="qubely-heading-container"><h2 class="qubely-heading-selector">Press Release<br></h2></div></div></div>
</div></div>



<div class="wp-block-qubely-column qubely-column qubely-column-front qubely-block-4f7476"><div class="qubely-column-inner">
<div class="wp-block-qubely-heading qubely-block-99dfe3"><div class="qubely-block-heading  "><div class="qubely-heading-container"><h3 class="qubely-heading-selector">Mardi 4 juin 2019</h3></div></div></div>
</div></div>
</div></div></div>



<div style="height:70px" aria-hidden="true" class="wp-block-spacer"></div>



<h3 class="has-text-align-center wp-block-heading" id="h-cette-nouvelle-tude-de-march-d-montre-que-le-retail-rena-t-gr-ce-au-pop-up-store">Cette nouvelle étude de marché démontre que le retail renaît grâce au pop-up store.</h3>



<h4 class="has-text-align-center wp-block-heading" id="h-selon-l-universit-de-caroline-du-sud-les-boutiques-ph-m-res-sont-de-plus-en-plus-utilis-es-car-elles-permettent-aux-marques-d-asseoir-leur-notori-t-mais-aussi-de-d-velopper-la-relation-client-le-et-l-engouement-des-consommateurs-envers-une-marque"><em><strong>Selon l’Université de Caroline du Sud, les boutiques éphémères sont de plus en plus utilisées car elles permettent aux marques d’asseoir leur notoriété mais aussi de développer la relation clientèle et l’engouement des consommateurs envers une marque. &nbsp;</strong></em></h4>



<p></p>



<p><strong><em>Columbia, SC— 5 Juin 2019</em></strong> <strong><em>— </em></strong>Une enquête récente conduite par le département du Retail de l’Université de Caroline du Sud et Space to Pop, marketplace leader dans la location éphémère d’espaces commerciaux, a réunit l’avis de plus de 600 entreprises retail. Les résultats ont permit de démontrer que le concept des pop-up stores ou location à court terme est devenu une stratégie importante dans la promotion d’une marque et dans la vente de produits et services. Cela permet également de construire une relation à long terme avec leur client. Plus de 80% des participants ayant déjà fait au moins un pop-up store ont déclaré avoir connu un vrai succès et 58% d’entre eux veulent en faire un nouveau.</p>



<p>L’enquête a également révélé que la plupart des e-commerçants, commerçants et autres retailers ne lançaient pas nécessairement un pop-up store pour augmenter leurs ventes. Les retailers souhaitent plutôt se rapprocher de leur clientèle et rencontrer un public nouveau, augmenter leur notoriété ou faire découvrir un nouveau produit ou service.</p>



<p>Pour autant, même si l’augmentation des ventes n’est pas le motif n°1 pour ouvrir un pop-up store, cela reste un élément clé juste après l’envie de &nbsp;“gagner en visibilité sur son marché” qui a été cité par la moitié des participants. De plus, l’engagement sur les réseaux sociaux, l’augmentation du trafic web et les retombées presse sont des éléments qui incitent à l’ouverture d’un pop-up store et confirme le succès de celui-ci.</p>



<p>“Notre enquête a révélé que les marques utilisent, la plupart du temps, les pop-ups stores pour interagir avec leur clientèle et augmenter leur notoriété d’une manière impossible via d’autres canaux. La renaissance du retail repose entièrement sur l&rsquo;expérience client ”, a déclaré Mark Rosenbaum, chercheur principal, Directeur et professeur du département retail de l&rsquo;Université de Caroline du Sud. «Les pop-ups ne sont plus utilisés seulement pour des promotions ponctuelles, des ventes privées ou pour vendre un surplus de stock; il s&rsquo;agit de créer des communautés de clients, un buzz instantané et mesurable mais aussi des expériences personnalisées nécessitant une présence physique. « </p>



<p><strong>Plus de flexibilité et moins de risque</strong></p>



<p>Karen Edwards, avocate, professeur dans le retail et co-chercheuse de l&rsquo;étude estime que les pop-up stores permettent aux retailers d’avoir une plus grande flexibilité et de prendre moins de risques que de se lancer dans un bail commercial à long terme. Karen Edwards déclare: “Les modèles éphémères permettent également aux retailers d’essayer la vente dans un magasin physique sans avoir à s’engager de manière excessive dans un chiffre d’affaires à produire ou avoir un stock imposant. Le rapport coûts-avantages d’un pop-up store est important et bénéficie également à toutes marques e-commerce (DNVB).”</p>



<p>«L’enquête renforce les dires que nous entendons chaque jour via nos clients : les pop-ups offrent aux marques un moyen flexible de dialoguer avec la clientèle de manière créative tout en augmentant leur notoriété», a déclaré Stephanie, Kidder, CMO chez Space to Pop.</p>



<p>Les résultats complets de l’enquête se trouvent <a href="https://www.thestorefront.com/fr/go/infographie-pourquoi-choisir-le-retail-a-court-terme/">ici</a>.</p>



<p><strong>Pour plus d’informations :</strong></p>



<p>Nicholas Moore</p>



<p>Responsable marketing, Space to Pop</p>



<p><a href="mailto:nmoore@thestorefront.com">nmoore@thestorefront.com</a></p>
</div></div>
</div></div>
</div></div></div>
