{"id":38107,"date":"2022-03-16T15:03:44","date_gmt":"2022-03-16T15:03:44","guid":{"rendered":"https:\/\/www.thestorefront.com\/mag\/storefront-acquires-whataspace-to-create-the-leading-italian-company-focusing-on-flexible-and-short-term-retail\/"},"modified":"2022-03-21T23:34:25","modified_gmt":"2022-03-21T23:34:25","slug":"whataspace-storefront-press-release","status":"publish","type":"page","link":"https:\/\/www.thestorefront.com\/it\/go\/press-releases\/whataspace-storefront-press-release\/","title":{"rendered":"Storefront acquisisce What a Space per creare l&#8217;azienda italiana leader degli eventi e del retail flessibile a breve termine"},"content":{"rendered":"\n<div class=\"wp-block-qubely-row alignfull qubely-section qubely-block-b2b7a5\"><div class=\"qubely-row-overlay\"><\/div><div class=\"qubely-container\"><div class=\"qubely-row \">\n<div class=\"wp-block-qubely-column qubely-column qubely-column-front qubely-block-57d2e7\"><div class=\"qubely-column-inner\">\n<div class=\"wp-block-qubely-text qubely-block-ffb468\"><div class=\"qubely-block-text  \"><div class=\"qubely-block-text-title-container  qubely-separator-position-top\"><div class=\"qubely-block-text-title-inner\"><h1 class=\"qubely-block-text-title\"> Sala stampa Storefront<\/h1><\/div><div class=\"qubely-block-text-sub-title-container\"><h3 class=\"qubely-block-text-sub-title\"><\/h3><\/div><\/div><p><\/p><\/div><\/div>\n\n\n\n<div style=\"height:40px\" aria-hidden=\"true\" class=\"wp-block-spacer\"><\/div>\n<\/div><\/div>\n<\/div><\/div><\/div>\n\n\n\n<div class=\"wp-block-qubely-row qubely-section qubely-block-b4276c\"><div class=\"qubely-row-overlay\"><\/div><div class=\"qubely-container\"><div class=\"qubely-row \">\n<div class=\"wp-block-qubely-column qubely-column qubely-column-front qubely-block-974964\"><div class=\"qubely-column-inner\">\n<div class=\"wp-block-qubely-buttongroup qubely-block-34f76b\"><div class=\"qubely-block-button-group \">\n<div class=\"wp-block-qubely-button qubely-block-ad7ed4 qubely-group-button\"><div class=\"qubely-block-btn-wrapper \"><div class=\"qubely-block-btn\"><a class=\"qubely-block-btn-anchor is-large\" href=\"https:\/\/www.thestorefront.com\/go\/press-coverage\/\"><strong>Copertura giornalistica<\/strong><\/a><\/div><\/div><\/div>\n\n\n\n<div class=\"wp-block-qubely-button qubely-block-7d8b56 qubely-group-button\"><div class=\"qubely-block-btn-wrapper \"><div class=\"qubely-block-btn\"><a class=\"qubely-block-btn-anchor is-large\" href=\"https:\/\/www.thestorefront.com\/it\/go\/press-releases\/\"><strong>Comunicati stampa<\/strong><\/a><\/div><\/div><\/div>\n\n\n\n<div class=\"wp-block-qubely-button qubely-block-94aa4b\"><div class=\"qubely-block-btn-wrapper \"><div class=\"qubely-block-btn\"><a class=\"qubely-block-btn-anchor is-large\" href=\"https:\/\/www.thestorefront.com\/go\/press-kit\/\"><strong>Cartella stampa<\/strong><\/a><\/div><\/div><\/div>\n<\/div><\/div>\n<\/div><\/div>\n<\/div><\/div><\/div>\n\n\n\n<div class=\"wp-block-qubely-row qubely-section qubely-block-825e50\"><div class=\"qubely-row-overlay\"><\/div><div class=\"qubely-container\"><div class=\"qubely-row \">\n<div class=\"wp-block-qubely-column qubely-column qubely-column-front qubely-block-7fe4fa\"><div class=\"qubely-column-inner\">\n<div class=\"wp-block-qubely-wrapper qubely-block-cb4010\"><div class=\"qubely-block-wrapper-block \">\n<div class=\"wp-block-qubely-row qubely-section qubely-block-486c0a\"><div class=\"qubely-row-overlay\"><\/div><div class=\"qubely-container-fluid\"><div class=\"qubely-row \">\n<div class=\"wp-block-qubely-column qubely-column qubely-column-front qubely-block-d38bbd\"><div class=\"qubely-column-inner\">\n<div class=\"wp-block-columns is-layout-flex wp-container-core-columns-is-layout-1 wp-block-columns-is-layout-flex\">\n<div class=\"wp-block-column is-layout-flow wp-block-column-is-layout-flow\" style=\"flex-basis:100%\">\n<div class=\"wp-block-qubely-heading qubely-block-ce7650\"><div class=\"qubely-block-heading  \"><div class=\"qubely-heading-container\"><h2 class=\"qubely-heading-selector\"><strong>Comunicato stampa<\/strong><br><br><em>Mercoled\u00ec, 16 Marzo 2022<\/em><\/h2><\/div><\/div><\/div>\n<\/div>\n<\/div>\n<\/div><\/div>\n\n\n\n<div class=\"wp-block-qubely-column qubely-column qubely-column-front qubely-block-de3e9f\"><div class=\"qubely-column-inner\">\n<div class=\"wp-block-qubely-heading qubely-block-8ad7ef\"><div class=\"qubely-block-heading  \"><div class=\"qubely-heading-container\"><h3 class=\"qubely-heading-selector\"><br><br><br><\/h3><\/div><\/div><\/div>\n<\/div><\/div>\n<\/div><\/div><\/div>\n\n\n\n<div style=\"height:70px\" aria-hidden=\"true\" class=\"wp-block-spacer\"><\/div>\n\n\n\n<h3 class=\"has-text-align-center wp-block-heading\" id=\"h-storefront-acquisisce-what-a-space-per-creare-l-azienda-italiana-leader-degli-eventi-e-del-retail-flessibile-a-breve-termine\"><strong>Storefront acquisisce What a Space per creare l&#8217;azienda italiana leader <br>degli eventi e del retail flessibile a breve termine<\/strong><\/h3>\n\n\n\n<p class=\"has-text-align-center\">Il mercato dei leader mondiali per l&#8217;affitto flessibile di spazi commerciali ed eventi<br>si espande con la fusione del concorrente italiano.<\/p>\n\n\n\n<p><\/p>\n\n\n\n<p><strong>Storefront<\/strong>, il leader del mercato mondiale per l&#8217;affitto a breve termine, ha acquisito<br>il concorrente italiano What a Space, mentre la domanda di vendita al dettaglio continua<br>a crescere pi\u00f9 forte a Milano, Roma e in tutta Italia in seguito alla pandemia di Covid-19.<\/p>\n\n\n\n<p>L\u2019operazione vede Storefront combinare tutte le risorse di What a Space con il sito web <a href=\"https:\/\/www.thestorefront.com\/it\">Storefront.it<\/a>, per offrire la pi\u00f9 ampia selezione di temporary shops e spazi commerciali, di sedi per eventi e di gallerie d&#8217;arte.<\/p>\n\n\n\n<p>Mohamed Haouache, CEO di <a href=\"https:\/\/www.thestorefront.com\/it\">Storefront<\/a>, ha dichiarato: <em>\u201cIl mondo degli immobili commerciali sta cambiando rapidamente. La pandemia ha accelerato le tendenze che stavamo gi\u00e0 osservando e Storefront  \u00e8 perfettamente posizionato per aiutare i proprietari ad adattarsi a questi cambiamenti e fornire esattamente ci\u00f2 che gli affittuari desiderano, ampliando la propria offerta in Italia.<\/em><br><\/p>\n\n\n\n<p>\u201c<em>L&#8217;acquisizione di What a Space ci consente di offrire affitti pi\u00f9 flessibili a una gamma pi\u00f9 ampia di proprietari. Sappiamo che in Italia c&#8217;\u00e8 un grande appetito per gli eventi e per il temporary retail, e non vediamo l&#8217;ora di aiutare un maggior numero di aziende ad organizzare eventi nel paese&#8221;.<\/em><br><br>Andrea Sesta, CEO e Fondatore di What a Space, ha dichiarato: \u201c<em>Vorrei ringraziare tutti coloro che hanno lavorato e supportato What a Space sin dalla sua fondazione nel 2013. \u00c8 stato un lungo viaggio, con molti alti e bassi: la passione e la dedizione che ognuno di voi ha dimostrato per questa azienda sono state fondamentale per farla crescere negli anni e una straordinaria fonte di forza per i fondatori dell&#8217;azienda.<\/em><br><br>\u201c<em>Abbiamo aiutato centinaia di marchi e singoli individui a gestire migliaia di temporary shop, eventi aziendali, feste private e showroom di moda.<\/em><br><br>\u201c<em>In Storefront abbiamo trovato un&#8217;azienda che pone lo stesso nostro livello di cura e dedizione nei confronti del cliente. Sono fiducioso che siano nella posizione migliore per continuare a offrire l&#8217;alto livello di servizio di cui <\/em><br><em>What a Space \u00e8 sempre stata orgogliosa.<br><br>\u201cIncoraggio chiunque sia interessato all&#8217;affitto a breve termine in Italia &#8211; affittuari o proprietari &#8211; a rivolgersi a Storefront.<\/em>\u201c<\/p>\n\n\n\n<p>La pandemia di Covid-19 ha esercitato una pressione senza precedenti sulla vendita al dettaglio e gli eventi fisici con i lockdown nel periodo 2020-2021, costringendo gli spazi fisici a chiudere e le persone a rimanere a casa. <br>Ora, mentre il mondo si apre nuovamente, la domanda di esperienze di temporary retail ed eventi \u00e8 pi\u00f9 grande che mai, e Storefront si trova nella giusta posizione per cavalcare questa tendenza.<\/p>\n\n\n\n<p>Mohamed Haouache ha dichiarato: \u201c<em>Vorrei ringraziare Andrea e il suo team per l&#8217;ottimo lavoro svolto. What a Space \u00e8 un&#8217;azienda eccezionale e qualcosa di cui possono essere molto orgogliosi. Siamo stati a conoscenza dell&#8217;azienda da diversi anni e sono lieto di poter concludere questa fusione e offrire ai nostri clienti globali i migliori spazi in Italia per il loro prossimo evento.<\/em><\/p>\n\n\n\n<p>&#8220;<em>\u00c8 un momento entusiasmante per Storefront e guardiamo con positivit\u00e0 verso il futuro con l&#8217;obiettivo di interpretare nei prossimi anni un ruolo fondamentale nel futuro del retail e degli eventi<\/em>&#8220;.<\/p>\n\n\n\n<p><strong>Riguardo a Storefront<\/strong><\/p>\n\n\n\n<p>Storefront \u00e8 il leader mondiale del mercato degli spazi in affitto a breve termine. Agendo come interfaccia tra marchi e proprietari, Storefront aiuta i brand e i singoli individui a trovare il luogo perfetto per il loro temporary shop, il loro showroom o il loro evento privato.<\/p>\n\n\n\n<p>Capiamo che la natura della vendita al dettaglio sta cambiando. Spinto dal cambiamento tecnologico, il comportamento dei consumatori si \u00e8 evoluto e la vendita al dettaglio ha bisogno di adattarsi per continuare a creare valore. La vendita al dettaglio a breve termine si concentra maggiormente su esperienza, visibilit\u00e0 e innovazione.<\/p>\n\n\n\n<p>I contratti di locazione a lungo termine appartengono al passato.<br>Flessibile \u00e8 il nuovo lungo termine.<\/p>\n\n\n\n<p>Per maggiori informazioni visita il sito: <a href=\"https:\/\/linkprotect.cudasvc.com\/url?a=https%3a%2f%2fwww.thestorefront.com%2f&amp;c=E,1,2TLmRh98ujf-YyylGpRpZEDHm0p_QlA9apSi8DUJ9E_kIsOifvVC1y_RK7Zwf5Z3bXGZfl6rvq5z84FLy7PoLBULPT8uj9qieMzQJ1hhVcuBOeNJ_Gg,&amp;typo=1\">https:\/\/www.thestorefront.com<\/a> oppure <a href=\"https:\/\/linkprotect.cudasvc.com\/url?a=https%3a%2f%2fwww.thestorefront.com%2f&amp;c=E,1,2TLmRh98ujf-YyylGpRpZEDHm0p_QlA9apSi8DUJ9E_kIsOifvVC1y_RK7Zwf5Z3bXGZfl6rvq5z84FLy7PoLBULPT8uj9qieMzQJ1hhVcuBOeNJ_Gg,&amp;typo=1\">https:\/\/www.thestorefront.com\/it<br><\/a>Per richieste stampa invia una e-mail a: nmoore@thestorefront.com<\/p>\n<\/div><\/div>\n<\/div><\/div>\n<\/div><\/div><\/div>\n\n\n\n<div class=\"wp-block-qubely-row qubely-section qubely-block-a74e11\"><div class=\"qubely-row-overlay\"><\/div><div class=\"qubely-container\"><div class=\"qubely-row \">\n<div class=\"wp-block-qubely-column qubely-column qubely-column-front qubely-block-70737d\"><div class=\"qubely-column-inner\">\n<div class=\"wp-block-qubely-text qubely-block-a8361c\"><div class=\"qubely-block-text  \"><div class=\"qubely-block-text-title-container  qubely-separator-position-top\"><div class=\"qubely-block-text-title-inner\"><h2 class=\"qubely-block-text-title\">Storefront newsletter<\/h2><\/div><\/div><p>Iscriviti alla nostra newsletter per rimanere aggiornato sugli ultimi trend degli eventi <br>e ricevere suggerimenti per rendere il tuo progetto un successo garantito.<\/p><\/div><\/div>\n\n\n\n<div class=\"wp-block-qubely-wrapper qubely-block-5a1882\"><div class=\"qubely-block-wrapper-block \">\n<div class=\"wp-block-qubely-row alignfull qubely-section qubely-block-028c29\"><div class=\"qubely-row-overlay\"><\/div><div class=\"qubely-container-fluid\"><div class=\"qubely-row \">\n<div class=\"wp-block-qubely-column qubely-column qubely-column-front qubely-block-a9886a\"><div class=\"qubely-column-inner\">\n<div class=\"wp-block-qubely-image qubely-block-8f289e\"><div class=\"qubely-block-image  qubely-image-layout-simple\"><div class=\"qubely-image-media qubely-vertical-alignment-center qubely-horizontal-alignment-center\"><figure><div class=\"qubely-image-container\"><img decoding=\"async\" class=\"qubely-image-image\" src=\"https:\/\/www.thestorefront.com\/mag\/wp-content\/uploads\/2018\/12\/storefront-magazine-yellow.png\" alt=\"\"\/><\/div><\/figure><\/div><\/div><\/div>\n<\/div><\/div>\n\n\n\n<div class=\"wp-block-qubely-column qubely-column qubely-column-front qubely-block-0a2337\"><div class=\"qubely-column-inner\"><\/div><\/div>\n<\/div><\/div><\/div>\n<\/div><\/div>\n<\/div><\/div>\n<\/div><\/div><\/div>\n\n\n<p><!--[if lte IE 8]>\n<script charset=\"utf-8\" type=\"text\/javascript\" src=\"\/\/js.hsforms.net\/forms\/v2-legacy.js\"><\/script>\n<![endif]--><br \/>\n<script charset=\"utf-8\" type=\"text\/javascript\" src=\"\/\/js.hsforms.net\/forms\/v2.js\"><\/script><br \/>\n<script>\n  hbspt.forms.create({\n\tportalId: \"6786763\",\n\tformId: \"df81e553-e22a-4b9a-8713-f7cdde995c68\"\n});\n<\/script><\/p>\n\n\n\n<p><\/p>\n","protected":false},"excerpt":{"rendered":"","protected":false},"author":67,"featured_media":0,"parent":38114,"menu_order":0,"comment_status":"closed","ping_status":"closed","template":"","meta":{"qubely_global_settings":"","qubely_interactions":"","content-type":"","inline_featured_image":false,"site-sidebar-layout":"default","site-content-layout":"","ast-site-content-layout":"default","site-content-style":"default","site-sidebar-style":"default","ast-global-header-display":"","ast-banner-title-visibility":"","ast-main-header-display":"","ast-hfb-above-header-display":"","ast-hfb-below-header-display":"","ast-hfb-mobile-header-display":"","site-post-title":"","ast-breadcrumbs-content":"","ast-featured-img":"","footer-sml-layout":"","theme-transparent-header-meta":"","adv-header-id-meta":"","stick-header-meta":"","header-above-stick-meta":"","header-main-stick-meta":"","header-below-stick-meta":"","astra-migrate-meta-layouts":"default","ast-page-background-enabled":"default","ast-page-background-meta":{"desktop":{"background-color":"","background-image":"","background-repeat":"repeat","background-position":"center center","background-size":"auto","background-attachment":"scroll","background-type":"","background-media":"","overlay-type":"","overlay-color":"","overlay-opacity":"","overlay-gradient":""},"tablet":{"background-color":"","background-image":"","background-repeat":"repeat","background-position":"center center","background-size":"auto","background-attachment":"scroll","background-type":"","background-media":"","overlay-type":"","overlay-color":"","overlay-opacity":"","overlay-gradient":""},"mobile":{"background-color":"","background-image":"","background-repeat":"repeat","background-position":"center center","background-size":"auto","background-attachment":"scroll","background-type":"","background-media":"","overlay-type":"","overlay-color":"","overlay-opacity":"","overlay-gradient":""}},"ast-content-background-meta":{"desktop":{"background-color":"var(--ast-global-color-5)","background-image":"","background-repeat":"repeat","background-position":"center center","background-size":"auto","background-attachment":"scroll","background-type":"","background-media":"","overlay-type":"","overlay-color":"","overlay-opacity":"","overlay-gradient":""},"tablet":{"background-color":"var(--ast-global-color-5)","background-image":"","background-repeat":"repeat","background-position":"center center","background-size":"auto","background-attachment":"scroll","background-type":"","background-media":"","overlay-type":"","overlay-color":"","overlay-opacity":"","overlay-gradient":""},"mobile":{"background-color":"var(--ast-global-color-5)","background-image":"","background-repeat":"repeat","background-position":"center center","background-size":"auto","background-attachment":"scroll","background-type":"","background-media":"","overlay-type":"","overlay-color":"","overlay-opacity":"","overlay-gradient":""}},"footnotes":""},"class_list":["post-38107","page","type-page","status-publish","hentry"],"_links":{"self":[{"href":"https:\/\/www.thestorefront.com\/it\/mag\/wp-json\/wp\/v2\/pages\/38107","targetHints":{"allow":["GET"]}}],"collection":[{"href":"https:\/\/www.thestorefront.com\/it\/mag\/wp-json\/wp\/v2\/pages"}],"about":[{"href":"https:\/\/www.thestorefront.com\/it\/mag\/wp-json\/wp\/v2\/types\/page"}],"author":[{"embeddable":true,"href":"https:\/\/www.thestorefront.com\/it\/mag\/wp-json\/wp\/v2\/users\/67"}],"replies":[{"embeddable":true,"href":"https:\/\/www.thestorefront.com\/it\/mag\/wp-json\/wp\/v2\/comments?post=38107"}],"version-history":[{"count":0,"href":"https:\/\/www.thestorefront.com\/it\/mag\/wp-json\/wp\/v2\/pages\/38107\/revisions"}],"up":[{"embeddable":true,"href":"https:\/\/www.thestorefront.com\/it\/mag\/wp-json\/wp\/v2\/pages\/38114"}],"wp:attachment":[{"href":"https:\/\/www.thestorefront.com\/it\/mag\/wp-json\/wp\/v2\/media?parent=38107"}],"curies":[{"name":"wp","href":"https:\/\/api.w.org\/{rel}","templated":true}]}}